{"id":738,"date":"2015-12-08T10:11:32","date_gmt":"2015-12-08T08:11:32","guid":{"rendered":"http:\/\/kostuemverleih.com\/produkt\/cul-de-paris-kleid-9\/"},"modified":"2023-12-02T06:00:30","modified_gmt":"2023-12-02T04:00:30","slug":"cul-de-paris-kleid-9","status":"publish","type":"product","link":"https:\/\/www.kostuemebreuer.de\/english\/produkt\/cul-de-paris-kleid-9\/","title":{"rendered":"Jahrhundertwende \u2013 Cul de Paris Outfit \u2013 Dunkelblau (Kleid, H\u00fctchen, Handschuhe,Pompadure, Kette, Armband und Schirm)"},"content":{"rendered":"<p>Jahrhundertwende \u2013 Cul de Paris Outfit \u2013 Dunkelblau, bestehend aus einem aufw\u00e4ndig gearbeiteten, dunkelblauen, schulterfreien Cul de Paris Kleid mit klassischem Po-Polster, einem H\u00fctchen mit T\u00fcllverzierungen, Handschuhen, Pompadure, Kette, Armband und einem Schirm.<\/p>\n<p>&nbsp;<\/p>\n<p>&nbsp;<\/p>\n","protected":false},"excerpt":{"rendered":"<p>Jahrhundertwende \u2013 Cul de Paris Outfit \u2013 Dunkelblau, bestehend aus einem aufw\u00e4ndig gearbeiteten, dunkelblauen, schulterfreien Cul de Paris Kleid mit klassischem Po-Polster, einem H\u00fctchen mit T\u00fcllverzierungen, Handschuhen, Pompadure, Kette, Armband und einem Schirm.<\/p>\n<p>&nbsp;<\/p>\n","protected":false},"featured_media":16961,"template":"","meta":{"_acf_changed":false},"product_brand":[],"product_cat":[125,29],"product_tag":[216,53,118],"class_list":{"0":"post-738","1":"product","2":"type-product","3":"status-publish","4":"has-post-thumbnail","6":"product_cat-kleider","7":"product_cat-kostueme","8":"product_tag-biedermeier","9":"product_tag-blau","10":"product_tag-jahrhundertwende","11":"infinite-scroll-item","13":"first","14":"instock","15":"taxable","16":"shipping-taxable","17":"purchasable","18":"product-type-simple"},"yoast_head":"<!-- This site is optimized with the Yoast SEO plugin v27.2 - https:\/\/yoast.com\/product\/yoast-seo-wordpress\/ -->\n<title>Jahrhundertwende \u2013 Cul de Paris Outfit \u2013 Dunkelblau (Kleid, H\u00fctchen, Handschuhe,Pompadure, Kette, Armband und Schirm) - Costumes Breuer<\/title>\n<meta name=\"description\" content=\"Jahrhundertwende \u2013 Cul de Paris Outfit \u2013 Dunkelblau, bestehend aus einem aufw\u00e4ndig gearbeiteten, dunkelblauen, schulterfreien Cul de Paris Kleid mit klassischem Po-Polster, einem H\u00fctchen mit T\u00fcllverzierungen, Handschuhen, Pompadure, Kette, Armband und einem Schirm. &nbsp;\" \/>\n<meta name=\"robots\" content=\"index, follow, max-snippet:-1, max-image-preview:large, max-video-preview:-1\" \/>\n<link rel=\"canonical\" href=\"https:\/\/www.kostuemebreuer.de\/english\/produkt\/cul-de-paris-kleid-9\/\" \/>\n<meta property=\"og:locale\" content=\"en_GB\" \/>\n<meta property=\"og:type\" content=\"article\" \/>\n<meta property=\"og:title\" content=\"Jahrhundertwende \u2013 Cul de Paris Outfit \u2013 Dunkelblau (Kleid, H\u00fctchen, Handschuhe,Pompadure, Kette, Armband und Schirm) - Costumes Breuer\" \/>\n<meta property=\"og:description\" content=\"Jahrhundertwende \u2013 Cul de Paris Outfit \u2013 Dunkelblau, bestehend aus einem aufw\u00e4ndig gearbeiteten, dunkelblauen, schulterfreien Cul de Paris Kleid mit klassischem Po-Polster, einem H\u00fctchen mit T\u00fcllverzierungen, Handschuhen, Pompadure, Kette, Armband und einem Schirm. &nbsp;\" \/>\n<meta property=\"og:url\" content=\"https:\/\/www.kostuemebreuer.de\/english\/produkt\/cul-de-paris-kleid-9\/\" \/>\n<meta property=\"og:site_name\" content=\"Costumes Breuer\" \/>\n<meta property=\"article:publisher\" content=\"https:\/\/www.facebook.com\/Kostuemebreuer\/?locale=de_DE\" \/>\n<meta property=\"article:modified_time\" content=\"2023-12-02T04:00:30+00:00\" \/>\n<meta property=\"og:image\" content=\"https:\/\/www.kostuemebreuer.de\/english\/wp-content\/uploads\/sites\/6\/Jahrhundertwendekleid-dunkelblau.jpg\" \/>\n\t<meta property=\"og:image:width\" content=\"540\" \/>\n\t<meta property=\"og:image:height\" content=\"960\" \/>\n\t<meta property=\"og:image:type\" content=\"image\/jpeg\" \/>\n<meta name=\"twitter:card\" content=\"summary_large_image\" \/>\n<script type=\"application\/ld+json\" class=\"yoast-schema-graph\">{\"@context\":\"https:\/\/schema.org\",\"@graph\":[{\"@type\":\"WebPage\",\"@id\":\"https:\/\/www.kostuemebreuer.de\/english\/produkt\/cul-de-paris-kleid-9\/\",\"url\":\"https:\/\/www.kostuemebreuer.de\/english\/produkt\/cul-de-paris-kleid-9\/\",\"name\":\"Jahrhundertwende \u2013 Cul de Paris Outfit \u2013 Dunkelblau (Kleid, H\u00fctchen, Handschuhe,Pompadure, Kette, Armband und Schirm) - Costumes Breuer\",\"isPartOf\":{\"@id\":\"https:\/\/www.kostuemebreuer.de\/english\/#website\"},\"primaryImageOfPage\":{\"@id\":\"https:\/\/www.kostuemebreuer.de\/english\/produkt\/cul-de-paris-kleid-9\/#primaryimage\"},\"image\":{\"@id\":\"https:\/\/www.kostuemebreuer.de\/english\/produkt\/cul-de-paris-kleid-9\/#primaryimage\"},\"thumbnailUrl\":\"https:\/\/www.kostuemebreuer.de\/english\/wp-content\/uploads\/sites\/6\/Jahrhundertwendekleid-dunkelblau.jpg\",\"datePublished\":\"2015-12-08T08:11:32+00:00\",\"dateModified\":\"2023-12-02T04:00:30+00:00\",\"description\":\"Jahrhundertwende \u2013 Cul de Paris Outfit \u2013 Dunkelblau, bestehend aus einem aufw\u00e4ndig gearbeiteten, dunkelblauen, schulterfreien Cul de Paris Kleid mit klassischem Po-Polster, einem H\u00fctchen mit T\u00fcllverzierungen, Handschuhen, Pompadure, Kette, Armband und einem Schirm. &nbsp;\",\"breadcrumb\":{\"@id\":\"https:\/\/www.kostuemebreuer.de\/english\/produkt\/cul-de-paris-kleid-9\/#breadcrumb\"},\"inLanguage\":\"en-GB\",\"potentialAction\":[{\"@type\":\"ReadAction\",\"target\":[\"https:\/\/www.kostuemebreuer.de\/english\/produkt\/cul-de-paris-kleid-9\/\"]}]},{\"@type\":\"ImageObject\",\"inLanguage\":\"en-GB\",\"@id\":\"https:\/\/www.kostuemebreuer.de\/english\/produkt\/cul-de-paris-kleid-9\/#primaryimage\",\"url\":\"https:\/\/www.kostuemebreuer.de\/english\/wp-content\/uploads\/sites\/6\/Jahrhundertwendekleid-dunkelblau.jpg\",\"contentUrl\":\"https:\/\/www.kostuemebreuer.de\/english\/wp-content\/uploads\/sites\/6\/Jahrhundertwendekleid-dunkelblau.jpg\",\"width\":540,\"height\":960},{\"@type\":\"BreadcrumbList\",\"@id\":\"https:\/\/www.kostuemebreuer.de\/english\/produkt\/cul-de-paris-kleid-9\/#breadcrumb\",\"itemListElement\":[{\"@type\":\"ListItem\",\"position\":1,\"name\":\"Startseite\",\"item\":\"https:\/\/www.kostuemebreuer.de\/english\/\"},{\"@type\":\"ListItem\",\"position\":2,\"name\":\"Kost\u00fcme\",\"item\":\"https:\/\/www.kostuemebreuer.de\/english\/kostueme\/\"},{\"@type\":\"ListItem\",\"position\":3,\"name\":\"Jahrhundertwende \u2013 Cul de Paris Outfit \u2013 Dunkelblau (Kleid, H\u00fctchen, Handschuhe,Pompadure, Kette, Armband und Schirm)\"}]},{\"@type\":\"WebSite\",\"@id\":\"https:\/\/www.kostuemebreuer.de\/english\/#website\",\"url\":\"https:\/\/www.kostuemebreuer.de\/english\/\",\"name\":\"Kost\u00fcme Breuer in M\u00fcnchen\",\"description\":\"Kost\u00fcmverleih\",\"publisher\":{\"@id\":\"https:\/\/www.kostuemebreuer.de\/english\/#organization\"},\"alternateName\":\"Kost\u00fcmverleih Breuer\",\"potentialAction\":[{\"@type\":\"SearchAction\",\"target\":{\"@type\":\"EntryPoint\",\"urlTemplate\":\"https:\/\/www.kostuemebreuer.de\/english\/?s={search_term_string}\"},\"query-input\":{\"@type\":\"PropertyValueSpecification\",\"valueRequired\":true,\"valueName\":\"search_term_string\"}}],\"inLanguage\":\"en-GB\"},{\"@type\":\"Organization\",\"@id\":\"https:\/\/www.kostuemebreuer.de\/english\/#organization\",\"name\":\"Kost\u00fcme Breuer in M\u00fcnchen\",\"url\":\"https:\/\/www.kostuemebreuer.de\/english\/\",\"logo\":{\"@type\":\"ImageObject\",\"inLanguage\":\"en-GB\",\"@id\":\"https:\/\/www.kostuemebreuer.de\/english\/#\/schema\/logo\/image\/\",\"url\":\"https:\/\/www.kostuemebreuer.de\/english\/wp-content\/uploads\/sites\/6\/logo.svg\",\"contentUrl\":\"https:\/\/www.kostuemebreuer.de\/english\/wp-content\/uploads\/sites\/6\/logo.svg\",\"caption\":\"Kost\u00fcme Breuer in M\u00fcnchen\"},\"image\":{\"@id\":\"https:\/\/www.kostuemebreuer.de\/english\/#\/schema\/logo\/image\/\"},\"sameAs\":[\"https:\/\/www.facebook.com\/Kostuemebreuer\/?locale=de_DE\",\"https:\/\/www.instagram.com\/kostuemebreuer\/\"]}]}<\/script>\n<!-- \/ Yoast SEO plugin. -->","yoast_head_json":{"title":"Jahrhundertwende \u2013 Cul de Paris Outfit \u2013 Dunkelblau (Kleid, H\u00fctchen, Handschuhe,Pompadure, Kette, Armband und Schirm) - Costumes Breuer","description":"Jahrhundertwende \u2013 Cul de Paris Outfit \u2013 Dunkelblau, bestehend aus einem aufw\u00e4ndig gearbeiteten, dunkelblauen, schulterfreien Cul de Paris Kleid mit klassischem Po-Polster, einem H\u00fctchen mit T\u00fcllverzierungen, Handschuhen, Pompadure, Kette, Armband und einem Schirm. &nbsp;","robots":{"index":"index","follow":"follow","max-snippet":"max-snippet:-1","max-image-preview":"max-image-preview:large","max-video-preview":"max-video-preview:-1"},"canonical":"https:\/\/www.kostuemebreuer.de\/english\/produkt\/cul-de-paris-kleid-9\/","og_locale":"en_GB","og_type":"article","og_title":"Jahrhundertwende \u2013 Cul de Paris Outfit \u2013 Dunkelblau (Kleid, H\u00fctchen, Handschuhe,Pompadure, Kette, Armband und Schirm) - Costumes Breuer","og_description":"Jahrhundertwende \u2013 Cul de Paris Outfit \u2013 Dunkelblau, bestehend aus einem aufw\u00e4ndig gearbeiteten, dunkelblauen, schulterfreien Cul de Paris Kleid mit klassischem Po-Polster, einem H\u00fctchen mit T\u00fcllverzierungen, Handschuhen, Pompadure, Kette, Armband und einem Schirm. &nbsp;","og_url":"https:\/\/www.kostuemebreuer.de\/english\/produkt\/cul-de-paris-kleid-9\/","og_site_name":"Costumes Breuer","article_publisher":"https:\/\/www.facebook.com\/Kostuemebreuer\/?locale=de_DE","article_modified_time":"2023-12-02T04:00:30+00:00","og_image":[{"width":540,"height":960,"url":"https:\/\/www.kostuemebreuer.de\/english\/wp-content\/uploads\/sites\/6\/Jahrhundertwendekleid-dunkelblau.jpg","type":"image\/jpeg"}],"twitter_card":"summary_large_image","schema":{"@context":"https:\/\/schema.org","@graph":[{"@type":"WebPage","@id":"https:\/\/www.kostuemebreuer.de\/english\/produkt\/cul-de-paris-kleid-9\/","url":"https:\/\/www.kostuemebreuer.de\/english\/produkt\/cul-de-paris-kleid-9\/","name":"Jahrhundertwende \u2013 Cul de Paris Outfit \u2013 Dunkelblau (Kleid, H\u00fctchen, Handschuhe,Pompadure, Kette, Armband und Schirm) - Costumes Breuer","isPartOf":{"@id":"https:\/\/www.kostuemebreuer.de\/english\/#website"},"primaryImageOfPage":{"@id":"https:\/\/www.kostuemebreuer.de\/english\/produkt\/cul-de-paris-kleid-9\/#primaryimage"},"image":{"@id":"https:\/\/www.kostuemebreuer.de\/english\/produkt\/cul-de-paris-kleid-9\/#primaryimage"},"thumbnailUrl":"https:\/\/www.kostuemebreuer.de\/english\/wp-content\/uploads\/sites\/6\/Jahrhundertwendekleid-dunkelblau.jpg","datePublished":"2015-12-08T08:11:32+00:00","dateModified":"2023-12-02T04:00:30+00:00","description":"Jahrhundertwende \u2013 Cul de Paris Outfit \u2013 Dunkelblau, bestehend aus einem aufw\u00e4ndig gearbeiteten, dunkelblauen, schulterfreien Cul de Paris Kleid mit klassischem Po-Polster, einem H\u00fctchen mit T\u00fcllverzierungen, Handschuhen, Pompadure, Kette, Armband und einem Schirm. &nbsp;","breadcrumb":{"@id":"https:\/\/www.kostuemebreuer.de\/english\/produkt\/cul-de-paris-kleid-9\/#breadcrumb"},"inLanguage":"en-GB","potentialAction":[{"@type":"ReadAction","target":["https:\/\/www.kostuemebreuer.de\/english\/produkt\/cul-de-paris-kleid-9\/"]}]},{"@type":"ImageObject","inLanguage":"en-GB","@id":"https:\/\/www.kostuemebreuer.de\/english\/produkt\/cul-de-paris-kleid-9\/#primaryimage","url":"https:\/\/www.kostuemebreuer.de\/english\/wp-content\/uploads\/sites\/6\/Jahrhundertwendekleid-dunkelblau.jpg","contentUrl":"https:\/\/www.kostuemebreuer.de\/english\/wp-content\/uploads\/sites\/6\/Jahrhundertwendekleid-dunkelblau.jpg","width":540,"height":960},{"@type":"BreadcrumbList","@id":"https:\/\/www.kostuemebreuer.de\/english\/produkt\/cul-de-paris-kleid-9\/#breadcrumb","itemListElement":[{"@type":"ListItem","position":1,"name":"Startseite","item":"https:\/\/www.kostuemebreuer.de\/english\/"},{"@type":"ListItem","position":2,"name":"Kost\u00fcme","item":"https:\/\/www.kostuemebreuer.de\/english\/kostueme\/"},{"@type":"ListItem","position":3,"name":"Jahrhundertwende \u2013 Cul de Paris Outfit \u2013 Dunkelblau (Kleid, H\u00fctchen, Handschuhe,Pompadure, Kette, Armband und Schirm)"}]},{"@type":"WebSite","@id":"https:\/\/www.kostuemebreuer.de\/english\/#website","url":"https:\/\/www.kostuemebreuer.de\/english\/","name":"Kost\u00fcme Breuer in M\u00fcnchen","description":"Kost\u00fcmverleih","publisher":{"@id":"https:\/\/www.kostuemebreuer.de\/english\/#organization"},"alternateName":"Kost\u00fcmverleih Breuer","potentialAction":[{"@type":"SearchAction","target":{"@type":"EntryPoint","urlTemplate":"https:\/\/www.kostuemebreuer.de\/english\/?s={search_term_string}"},"query-input":{"@type":"PropertyValueSpecification","valueRequired":true,"valueName":"search_term_string"}}],"inLanguage":"en-GB"},{"@type":"Organization","@id":"https:\/\/www.kostuemebreuer.de\/english\/#organization","name":"Kost\u00fcme Breuer in M\u00fcnchen","url":"https:\/\/www.kostuemebreuer.de\/english\/","logo":{"@type":"ImageObject","inLanguage":"en-GB","@id":"https:\/\/www.kostuemebreuer.de\/english\/#\/schema\/logo\/image\/","url":"https:\/\/www.kostuemebreuer.de\/english\/wp-content\/uploads\/sites\/6\/logo.svg","contentUrl":"https:\/\/www.kostuemebreuer.de\/english\/wp-content\/uploads\/sites\/6\/logo.svg","caption":"Kost\u00fcme Breuer in M\u00fcnchen"},"image":{"@id":"https:\/\/www.kostuemebreuer.de\/english\/#\/schema\/logo\/image\/"},"sameAs":["https:\/\/www.facebook.com\/Kostuemebreuer\/?locale=de_DE","https:\/\/www.instagram.com\/kostuemebreuer\/"]}]}},"acf":[],"_links":{"self":[{"href":"https:\/\/www.kostuemebreuer.de\/english\/wp-json\/wp\/v2\/product\/738","targetHints":{"allow":["GET"]}}],"collection":[{"href":"https:\/\/www.kostuemebreuer.de\/english\/wp-json\/wp\/v2\/product"}],"about":[{"href":"https:\/\/www.kostuemebreuer.de\/english\/wp-json\/wp\/v2\/types\/product"}],"wp:featuredmedia":[{"embeddable":true,"href":"https:\/\/www.kostuemebreuer.de\/english\/wp-json\/wp\/v2\/media\/16961"}],"wp:attachment":[{"href":"https:\/\/www.kostuemebreuer.de\/english\/wp-json\/wp\/v2\/media?parent=738"}],"wp:term":[{"taxonomy":"product_brand","embeddable":true,"href":"https:\/\/www.kostuemebreuer.de\/english\/wp-json\/wp\/v2\/product_brand?post=738"},{"taxonomy":"product_cat","embeddable":true,"href":"https:\/\/www.kostuemebreuer.de\/english\/wp-json\/wp\/v2\/product_cat?post=738"},{"taxonomy":"product_tag","embeddable":true,"href":"https:\/\/www.kostuemebreuer.de\/english\/wp-json\/wp\/v2\/product_tag?post=738"}],"curies":[{"name":"wp","href":"https:\/\/api.w.org\/{rel}","templated":true}]}}