{"id":7293,"date":"2016-04-20T17:31:48","date_gmt":"2016-04-20T15:31:48","guid":{"rendered":"https:\/\/www.kostuemverleih.com\/?post_type=product&#038;p=7293"},"modified":"2023-12-02T06:01:52","modified_gmt":"2023-12-02T04:01:52","slug":"jahrhundertwende-nadelstreifenanzug-creme","status":"publish","type":"product","link":"https:\/\/www.kostuemebreuer.de\/english\/produkt\/jahrhundertwende-nadelstreifenanzug-creme\/","title":{"rendered":"Jahrhundertwende &#8211; Biedermeier Outfit &#8211; Herren &#8211; Creme-Gestreift (Hemd, Binder und Manschettenkn\u00f6pfe)"},"content":{"rendered":"<p>Jahrhundertwende &#8211; Biedermeier Outfit &#8211; Herren &#8211; Creme-Gestreift , bestehend aus einem wei\u00dfen Hemd, Binder und Manschettenkn\u00f6pfen, wahlweise erweiterbar mit einer gestreiften Weste mit Paspelband eingefasst und einer gestreiften Hose (Paket 2), sowie einer passenden Jacke und einem Strohhut. (Paket 3)<\/p>\n<p>&nbsp;<\/p>\n","protected":false},"excerpt":{"rendered":"<p>Jahrhundertwende &#8211; Biedermeier Outfit &#8211; Herren &#8211; Creme-Gestreift , bestehend aus einem wei\u00dfen Hemd, Binder und Manschettenkn\u00f6pfen, wahlweise erweiterbar mit einer<strong> gestreiften Weste mit Paspelband eingefasst und einer<\/strong> <strong>gestreiften Hose <\/strong>(Paket 2), sowie einer passenden <strong>Jacke und einem Strohhut<\/strong>. (Paket 3)<\/p>\n","protected":false},"featured_media":7294,"template":"","meta":{"_acf_changed":false},"product_brand":[],"product_cat":[226,33,251,29],"product_tag":[144,118],"class_list":{"0":"post-7293","1":"product","2":"type-product","3":"status-publish","4":"has-post-thumbnail","6":"product_cat-aussergewoehnlichesherren","7":"product_cat-herrenmode","8":"product_cat-historisch","9":"product_cat-kostueme","10":"product_tag-beige","11":"product_tag-jahrhundertwende","12":"product_shipping_class-versandklasse-2","13":"infinite-scroll-item","15":"first","16":"instock","17":"taxable","18":"shipping-taxable","19":"purchasable","20":"product-type-simple"},"yoast_head":"<!-- This site is optimized with the Yoast SEO plugin v27.2 - https:\/\/yoast.com\/product\/yoast-seo-wordpress\/ -->\n<title>Jahrhundertwende - Biedermeier Outfit - Herren - Creme-Gestreift (Hemd, Binder und Manschettenkn\u00f6pfe) - Costumes Breuer<\/title>\n<meta name=\"description\" content=\"Jahrhundertwende - Biedermeier Outfit - Herren - Creme-Gestreift , bestehend aus einem wei\u00dfen Hemd, Binder und Manschettenkn\u00f6pfen, wahlweise erweiterbar mit einer gestreiften Weste mit Paspelband eingefasst und einer gestreiften Hose (Paket 2), sowie einer passenden Jacke und einem Strohhut. (Paket 3)\" \/>\n<meta name=\"robots\" content=\"index, follow, max-snippet:-1, max-image-preview:large, max-video-preview:-1\" \/>\n<link rel=\"canonical\" href=\"https:\/\/www.kostuemebreuer.de\/english\/produkt\/jahrhundertwende-nadelstreifenanzug-creme\/\" \/>\n<meta property=\"og:locale\" content=\"en_GB\" \/>\n<meta property=\"og:type\" content=\"article\" \/>\n<meta property=\"og:title\" content=\"Jahrhundertwende - Biedermeier Outfit - Herren - Creme-Gestreift (Hemd, Binder und Manschettenkn\u00f6pfe) - Costumes Breuer\" \/>\n<meta property=\"og:description\" content=\"Jahrhundertwende - Biedermeier Outfit - Herren - Creme-Gestreift , bestehend aus einem wei\u00dfen Hemd, Binder und Manschettenkn\u00f6pfen, wahlweise erweiterbar mit einer gestreiften Weste mit Paspelband eingefasst und einer gestreiften Hose (Paket 2), sowie einer passenden Jacke und einem Strohhut. (Paket 3)\" \/>\n<meta property=\"og:url\" content=\"https:\/\/www.kostuemebreuer.de\/english\/produkt\/jahrhundertwende-nadelstreifenanzug-creme\/\" \/>\n<meta property=\"og:site_name\" content=\"Costumes Breuer\" \/>\n<meta property=\"article:publisher\" content=\"https:\/\/www.facebook.com\/Kostuemebreuer\/?locale=de_DE\" \/>\n<meta property=\"article:modified_time\" content=\"2023-12-02T04:01:52+00:00\" \/>\n<meta property=\"og:image\" content=\"https:\/\/www.kostuemebreuer.de\/english\/wp-content\/uploads\/sites\/6\/Nadelstreifen-wei\u00df-schw.jpg\" \/>\n\t<meta property=\"og:image:width\" content=\"396\" \/>\n\t<meta property=\"og:image:height\" content=\"800\" \/>\n\t<meta property=\"og:image:type\" content=\"image\/jpeg\" \/>\n<meta name=\"twitter:card\" content=\"summary_large_image\" \/>\n<script type=\"application\/ld+json\" class=\"yoast-schema-graph\">{\"@context\":\"https:\/\/schema.org\",\"@graph\":[{\"@type\":\"WebPage\",\"@id\":\"https:\/\/www.kostuemebreuer.de\/english\/produkt\/jahrhundertwende-nadelstreifenanzug-creme\/\",\"url\":\"https:\/\/www.kostuemebreuer.de\/english\/produkt\/jahrhundertwende-nadelstreifenanzug-creme\/\",\"name\":\"Jahrhundertwende - Biedermeier Outfit - Herren - Creme-Gestreift (Hemd, Binder und Manschettenkn\u00f6pfe) - Costumes Breuer\",\"isPartOf\":{\"@id\":\"https:\/\/www.kostuemebreuer.de\/english\/#website\"},\"primaryImageOfPage\":{\"@id\":\"https:\/\/www.kostuemebreuer.de\/english\/produkt\/jahrhundertwende-nadelstreifenanzug-creme\/#primaryimage\"},\"image\":{\"@id\":\"https:\/\/www.kostuemebreuer.de\/english\/produkt\/jahrhundertwende-nadelstreifenanzug-creme\/#primaryimage\"},\"thumbnailUrl\":\"https:\/\/www.kostuemebreuer.de\/english\/wp-content\/uploads\/sites\/6\/Nadelstreifen-wei\u00df-schw.jpg\",\"datePublished\":\"2016-04-20T15:31:48+00:00\",\"dateModified\":\"2023-12-02T04:01:52+00:00\",\"description\":\"Jahrhundertwende - Biedermeier Outfit - Herren - Creme-Gestreift , bestehend aus einem wei\u00dfen Hemd, Binder und Manschettenkn\u00f6pfen, wahlweise erweiterbar mit einer gestreiften Weste mit Paspelband eingefasst und einer gestreiften Hose (Paket 2), sowie einer passenden Jacke und einem Strohhut. (Paket 3)\",\"breadcrumb\":{\"@id\":\"https:\/\/www.kostuemebreuer.de\/english\/produkt\/jahrhundertwende-nadelstreifenanzug-creme\/#breadcrumb\"},\"inLanguage\":\"en-GB\",\"potentialAction\":[{\"@type\":\"ReadAction\",\"target\":[\"https:\/\/www.kostuemebreuer.de\/english\/produkt\/jahrhundertwende-nadelstreifenanzug-creme\/\"]}]},{\"@type\":\"ImageObject\",\"inLanguage\":\"en-GB\",\"@id\":\"https:\/\/www.kostuemebreuer.de\/english\/produkt\/jahrhundertwende-nadelstreifenanzug-creme\/#primaryimage\",\"url\":\"https:\/\/www.kostuemebreuer.de\/english\/wp-content\/uploads\/sites\/6\/Nadelstreifen-wei\u00df-schw.jpg\",\"contentUrl\":\"https:\/\/www.kostuemebreuer.de\/english\/wp-content\/uploads\/sites\/6\/Nadelstreifen-wei\u00df-schw.jpg\",\"width\":396,\"height\":800},{\"@type\":\"BreadcrumbList\",\"@id\":\"https:\/\/www.kostuemebreuer.de\/english\/produkt\/jahrhundertwende-nadelstreifenanzug-creme\/#breadcrumb\",\"itemListElement\":[{\"@type\":\"ListItem\",\"position\":1,\"name\":\"Startseite\",\"item\":\"https:\/\/www.kostuemebreuer.de\/english\/\"},{\"@type\":\"ListItem\",\"position\":2,\"name\":\"Kost\u00fcme\",\"item\":\"https:\/\/www.kostuemebreuer.de\/english\/kostueme\/\"},{\"@type\":\"ListItem\",\"position\":3,\"name\":\"Jahrhundertwende &#8211; Biedermeier Outfit &#8211; Herren &#8211; Creme-Gestreift (Hemd, Binder und Manschettenkn\u00f6pfe)\"}]},{\"@type\":\"WebSite\",\"@id\":\"https:\/\/www.kostuemebreuer.de\/english\/#website\",\"url\":\"https:\/\/www.kostuemebreuer.de\/english\/\",\"name\":\"Kost\u00fcme Breuer in M\u00fcnchen\",\"description\":\"Kost\u00fcmverleih\",\"publisher\":{\"@id\":\"https:\/\/www.kostuemebreuer.de\/english\/#organization\"},\"alternateName\":\"Kost\u00fcmverleih Breuer\",\"potentialAction\":[{\"@type\":\"SearchAction\",\"target\":{\"@type\":\"EntryPoint\",\"urlTemplate\":\"https:\/\/www.kostuemebreuer.de\/english\/?s={search_term_string}\"},\"query-input\":{\"@type\":\"PropertyValueSpecification\",\"valueRequired\":true,\"valueName\":\"search_term_string\"}}],\"inLanguage\":\"en-GB\"},{\"@type\":\"Organization\",\"@id\":\"https:\/\/www.kostuemebreuer.de\/english\/#organization\",\"name\":\"Kost\u00fcme Breuer in M\u00fcnchen\",\"url\":\"https:\/\/www.kostuemebreuer.de\/english\/\",\"logo\":{\"@type\":\"ImageObject\",\"inLanguage\":\"en-GB\",\"@id\":\"https:\/\/www.kostuemebreuer.de\/english\/#\/schema\/logo\/image\/\",\"url\":\"https:\/\/www.kostuemebreuer.de\/english\/wp-content\/uploads\/sites\/6\/logo.svg\",\"contentUrl\":\"https:\/\/www.kostuemebreuer.de\/english\/wp-content\/uploads\/sites\/6\/logo.svg\",\"caption\":\"Kost\u00fcme Breuer in M\u00fcnchen\"},\"image\":{\"@id\":\"https:\/\/www.kostuemebreuer.de\/english\/#\/schema\/logo\/image\/\"},\"sameAs\":[\"https:\/\/www.facebook.com\/Kostuemebreuer\/?locale=de_DE\",\"https:\/\/www.instagram.com\/kostuemebreuer\/\"]}]}<\/script>\n<!-- \/ Yoast SEO plugin. -->","yoast_head_json":{"title":"Jahrhundertwende - Biedermeier Outfit - Herren - Creme-Gestreift (Hemd, Binder und Manschettenkn\u00f6pfe) - Costumes Breuer","description":"Jahrhundertwende - Biedermeier Outfit - Herren - Creme-Gestreift , bestehend aus einem wei\u00dfen Hemd, Binder und Manschettenkn\u00f6pfen, wahlweise erweiterbar mit einer gestreiften Weste mit Paspelband eingefasst und einer gestreiften Hose (Paket 2), sowie einer passenden Jacke und einem Strohhut. (Paket 3)","robots":{"index":"index","follow":"follow","max-snippet":"max-snippet:-1","max-image-preview":"max-image-preview:large","max-video-preview":"max-video-preview:-1"},"canonical":"https:\/\/www.kostuemebreuer.de\/english\/produkt\/jahrhundertwende-nadelstreifenanzug-creme\/","og_locale":"en_GB","og_type":"article","og_title":"Jahrhundertwende - Biedermeier Outfit - Herren - Creme-Gestreift (Hemd, Binder und Manschettenkn\u00f6pfe) - Costumes Breuer","og_description":"Jahrhundertwende - Biedermeier Outfit - Herren - Creme-Gestreift , bestehend aus einem wei\u00dfen Hemd, Binder und Manschettenkn\u00f6pfen, wahlweise erweiterbar mit einer gestreiften Weste mit Paspelband eingefasst und einer gestreiften Hose (Paket 2), sowie einer passenden Jacke und einem Strohhut. (Paket 3)","og_url":"https:\/\/www.kostuemebreuer.de\/english\/produkt\/jahrhundertwende-nadelstreifenanzug-creme\/","og_site_name":"Costumes Breuer","article_publisher":"https:\/\/www.facebook.com\/Kostuemebreuer\/?locale=de_DE","article_modified_time":"2023-12-02T04:01:52+00:00","og_image":[{"width":396,"height":800,"url":"https:\/\/www.kostuemebreuer.de\/english\/wp-content\/uploads\/sites\/6\/Nadelstreifen-wei\u00df-schw.jpg","type":"image\/jpeg"}],"twitter_card":"summary_large_image","schema":{"@context":"https:\/\/schema.org","@graph":[{"@type":"WebPage","@id":"https:\/\/www.kostuemebreuer.de\/english\/produkt\/jahrhundertwende-nadelstreifenanzug-creme\/","url":"https:\/\/www.kostuemebreuer.de\/english\/produkt\/jahrhundertwende-nadelstreifenanzug-creme\/","name":"Jahrhundertwende - Biedermeier Outfit - Herren - Creme-Gestreift (Hemd, Binder und Manschettenkn\u00f6pfe) - Costumes Breuer","isPartOf":{"@id":"https:\/\/www.kostuemebreuer.de\/english\/#website"},"primaryImageOfPage":{"@id":"https:\/\/www.kostuemebreuer.de\/english\/produkt\/jahrhundertwende-nadelstreifenanzug-creme\/#primaryimage"},"image":{"@id":"https:\/\/www.kostuemebreuer.de\/english\/produkt\/jahrhundertwende-nadelstreifenanzug-creme\/#primaryimage"},"thumbnailUrl":"https:\/\/www.kostuemebreuer.de\/english\/wp-content\/uploads\/sites\/6\/Nadelstreifen-wei\u00df-schw.jpg","datePublished":"2016-04-20T15:31:48+00:00","dateModified":"2023-12-02T04:01:52+00:00","description":"Jahrhundertwende - Biedermeier Outfit - Herren - Creme-Gestreift , bestehend aus einem wei\u00dfen Hemd, Binder und Manschettenkn\u00f6pfen, wahlweise erweiterbar mit einer gestreiften Weste mit Paspelband eingefasst und einer gestreiften Hose (Paket 2), sowie einer passenden Jacke und einem Strohhut. (Paket 3)","breadcrumb":{"@id":"https:\/\/www.kostuemebreuer.de\/english\/produkt\/jahrhundertwende-nadelstreifenanzug-creme\/#breadcrumb"},"inLanguage":"en-GB","potentialAction":[{"@type":"ReadAction","target":["https:\/\/www.kostuemebreuer.de\/english\/produkt\/jahrhundertwende-nadelstreifenanzug-creme\/"]}]},{"@type":"ImageObject","inLanguage":"en-GB","@id":"https:\/\/www.kostuemebreuer.de\/english\/produkt\/jahrhundertwende-nadelstreifenanzug-creme\/#primaryimage","url":"https:\/\/www.kostuemebreuer.de\/english\/wp-content\/uploads\/sites\/6\/Nadelstreifen-wei\u00df-schw.jpg","contentUrl":"https:\/\/www.kostuemebreuer.de\/english\/wp-content\/uploads\/sites\/6\/Nadelstreifen-wei\u00df-schw.jpg","width":396,"height":800},{"@type":"BreadcrumbList","@id":"https:\/\/www.kostuemebreuer.de\/english\/produkt\/jahrhundertwende-nadelstreifenanzug-creme\/#breadcrumb","itemListElement":[{"@type":"ListItem","position":1,"name":"Startseite","item":"https:\/\/www.kostuemebreuer.de\/english\/"},{"@type":"ListItem","position":2,"name":"Kost\u00fcme","item":"https:\/\/www.kostuemebreuer.de\/english\/kostueme\/"},{"@type":"ListItem","position":3,"name":"Jahrhundertwende &#8211; Biedermeier Outfit &#8211; Herren &#8211; Creme-Gestreift (Hemd, Binder und Manschettenkn\u00f6pfe)"}]},{"@type":"WebSite","@id":"https:\/\/www.kostuemebreuer.de\/english\/#website","url":"https:\/\/www.kostuemebreuer.de\/english\/","name":"Kost\u00fcme Breuer in M\u00fcnchen","description":"Kost\u00fcmverleih","publisher":{"@id":"https:\/\/www.kostuemebreuer.de\/english\/#organization"},"alternateName":"Kost\u00fcmverleih Breuer","potentialAction":[{"@type":"SearchAction","target":{"@type":"EntryPoint","urlTemplate":"https:\/\/www.kostuemebreuer.de\/english\/?s={search_term_string}"},"query-input":{"@type":"PropertyValueSpecification","valueRequired":true,"valueName":"search_term_string"}}],"inLanguage":"en-GB"},{"@type":"Organization","@id":"https:\/\/www.kostuemebreuer.de\/english\/#organization","name":"Kost\u00fcme Breuer in M\u00fcnchen","url":"https:\/\/www.kostuemebreuer.de\/english\/","logo":{"@type":"ImageObject","inLanguage":"en-GB","@id":"https:\/\/www.kostuemebreuer.de\/english\/#\/schema\/logo\/image\/","url":"https:\/\/www.kostuemebreuer.de\/english\/wp-content\/uploads\/sites\/6\/logo.svg","contentUrl":"https:\/\/www.kostuemebreuer.de\/english\/wp-content\/uploads\/sites\/6\/logo.svg","caption":"Kost\u00fcme Breuer in M\u00fcnchen"},"image":{"@id":"https:\/\/www.kostuemebreuer.de\/english\/#\/schema\/logo\/image\/"},"sameAs":["https:\/\/www.facebook.com\/Kostuemebreuer\/?locale=de_DE","https:\/\/www.instagram.com\/kostuemebreuer\/"]}]}},"acf":[],"_links":{"self":[{"href":"https:\/\/www.kostuemebreuer.de\/english\/wp-json\/wp\/v2\/product\/7293","targetHints":{"allow":["GET"]}}],"collection":[{"href":"https:\/\/www.kostuemebreuer.de\/english\/wp-json\/wp\/v2\/product"}],"about":[{"href":"https:\/\/www.kostuemebreuer.de\/english\/wp-json\/wp\/v2\/types\/product"}],"wp:featuredmedia":[{"embeddable":true,"href":"https:\/\/www.kostuemebreuer.de\/english\/wp-json\/wp\/v2\/media\/7294"}],"wp:attachment":[{"href":"https:\/\/www.kostuemebreuer.de\/english\/wp-json\/wp\/v2\/media?parent=7293"}],"wp:term":[{"taxonomy":"product_brand","embeddable":true,"href":"https:\/\/www.kostuemebreuer.de\/english\/wp-json\/wp\/v2\/product_brand?post=7293"},{"taxonomy":"product_cat","embeddable":true,"href":"https:\/\/www.kostuemebreuer.de\/english\/wp-json\/wp\/v2\/product_cat?post=7293"},{"taxonomy":"product_tag","embeddable":true,"href":"https:\/\/www.kostuemebreuer.de\/english\/wp-json\/wp\/v2\/product_tag?post=7293"}],"curies":[{"name":"wp","href":"https:\/\/api.w.org\/{rel}","templated":true}]}}