{"id":24281,"date":"2026-04-27T11:12:13","date_gmt":"2026-04-27T09:12:13","guid":{"rendered":"https:\/\/www.kostuemebreuer.de\/english\/produkt\/70er-jahre-outfit-blumig-hut-oberteil-rock-2-ketten-brille\/"},"modified":"2026-04-27T11:12:13","modified_gmt":"2026-04-27T09:12:13","slug":"70er-jahre-outfit-blumig-hut-oberteil-rock-2-ketten-brille","status":"publish","type":"product","link":"https:\/\/www.kostuemebreuer.de\/english\/produkt\/70er-jahre-outfit-blumig-hut-oberteil-rock-2-ketten-brille\/","title":{"rendered":"Produkt"},"content":{"rendered":"<p><strong>70er Jahre Outfit blumig <\/strong><\/p>\n<p>Dieses authentische 70er-Jahre-Outfit f\u00fcr Damen vereint Retro-Chic, markante Strukturen und den unverwechselbaren Vibe eines ikonischen Jahrzehnts. Es besteht aus:<\/p>\n<ul>\n<li><strong>Hut<\/strong> \u2013 ein sonniger Schlapphut in Orange, der sofort Urlaubsstimmung verbreitet.<\/li>\n<li><strong>Oberteil<\/strong> \u2013 passend zum Rock aus weicher Baumwolle mit floralem Print.<\/li>\n<li><strong>Rock<\/strong> \u2013 luftig geschnitten f\u00fcr maximalen Komfort und einen sommerlichen Look.<\/li>\n<li><strong>Ketten<\/strong> \u2013 zwei perfekt abgestimmte Ketten, die den Boho-Stil unterstreichen.<\/li>\n<li><strong>Brille<\/strong> \u2013 im typischen Oversize-Look der 70er Jahre als modisches Statement.<\/li>\n<\/ul>\n<h3>Detaillierte Produktbeschreibung<\/h3>\n<p>Holen Sie sich den Sommer der 70er Jahre zur\u00fcck mit diesem blumigen Ensemble. Der Zweiteiler aus hochwertiger, weicher Baumwolle besticht durch sein florale Muster und bietet ein luftiges, bequemes Tragegef\u00fchl \u2013 ideal f\u00fcr hei\u00dfe Tage oder sommerliche Motto-Partys. Das Zusammenspiel von Oberteil und Rock kreiert eine harmonische Silhouette, die Leichtigkeit und Stil vereint.<\/p>\n<p>Der markante Schlapphut in leuchtendem Orange setzt einen farbenfrohen Akzent und sch\u00fctzt gleichzeitig mit nostalgischem Charme. Abgerundet wird das Outfit durch zwei feine Ketten und eine charakteristische Oversize-Brille, die den verspielten Flower-Power-Look komplettieren. Ein Outfit, das Geschichte tr\u00e4gt und gleichzeitig modern begeistert.<\/p>\n<p>Ein Outfit, das Mut zur Farbe beweist und auf jedem Sommerfest f\u00fcr Aufsehen sorgt. Mit dieser Kombination strahlen Sie Selbstbewusstsein, Stilgef\u00fchl und pure Nostalgie aus.<\/p>\n","protected":false},"excerpt":{"rendered":"<p>70er Jahre Outfit blumig Dieses authentische 70er-Jahre-Outfit f\u00fcr Damen vereint Retro-Chic, markante Strukturen und den unverwechselbaren Vibe eines ikonischen Jahrzehnts. &#8230; <a title=\"Produkt\" class=\"read-more\" href=\"https:\/\/www.kostuemebreuer.de\/english\/produkt\/70er-jahre-outfit-blumig-hut-oberteil-rock-2-ketten-brille\/\" aria-label=\"Read more about Produkt\">Read more<\/a><\/p>\n","protected":false},"featured_media":24278,"template":"","meta":{"_acf_changed":false},"product_brand":[],"product_cat":[251,29],"product_tag":[525],"class_list":{"0":"post-24281","1":"product","2":"type-product","3":"status-publish","4":"has-post-thumbnail","6":"product_cat-historisch","7":"product_cat-kostueme","8":"product_tag-70er-jahre-abba-studio-54-flower-power","9":"infinite-scroll-item","11":"first","12":"instock","13":"taxable","14":"shipping-taxable","15":"purchasable","16":"product-type-simple"},"yoast_head":"<!-- This site is optimized with the Yoast SEO plugin v27.2 - https:\/\/yoast.com\/product\/yoast-seo-wordpress\/ -->\n<title>Produkt - Costumes Breuer<\/title>\n<meta name=\"robots\" content=\"index, follow, max-snippet:-1, max-image-preview:large, max-video-preview:-1\" \/>\n<link rel=\"canonical\" href=\"https:\/\/www.kostuemebreuer.de\/english\/produkt\/70er-jahre-outfit-blumig-hut-oberteil-rock-2-ketten-brille\/\" \/>\n<meta property=\"og:locale\" content=\"en_GB\" \/>\n<meta property=\"og:type\" content=\"article\" \/>\n<meta property=\"og:title\" content=\"Produkt - Costumes Breuer\" \/>\n<meta property=\"og:description\" content=\"70er Jahre Outfit blumig Dieses authentische 70er-Jahre-Outfit f\u00fcr Damen vereint Retro-Chic, markante Strukturen und den unverwechselbaren Vibe eines ikonischen Jahrzehnts. ... Read more\" \/>\n<meta property=\"og:url\" content=\"https:\/\/www.kostuemebreuer.de\/english\/produkt\/70er-jahre-outfit-blumig-hut-oberteil-rock-2-ketten-brille\/\" \/>\n<meta property=\"og:site_name\" content=\"Costumes Breuer\" \/>\n<meta property=\"article:publisher\" content=\"https:\/\/www.facebook.com\/Kostuemebreuer\/?locale=de_DE\" \/>\n<meta property=\"og:image\" content=\"https:\/\/www.kostuemebreuer.de\/english\/wp-content\/uploads\/sites\/6\/70er-blumig-1.jpg\" \/>\n\t<meta property=\"og:image:width\" content=\"540\" \/>\n\t<meta property=\"og:image:height\" content=\"943\" \/>\n\t<meta property=\"og:image:type\" content=\"image\/jpeg\" \/>\n<meta name=\"twitter:card\" content=\"summary_large_image\" \/>\n<meta name=\"twitter:label1\" content=\"Estimated reading time\" \/>\n\t<meta name=\"twitter:data1\" content=\"2 minutes\" \/>\n<script type=\"application\/ld+json\" class=\"yoast-schema-graph\">{\"@context\":\"https:\/\/schema.org\",\"@graph\":[{\"@type\":\"WebPage\",\"@id\":\"https:\/\/www.kostuemebreuer.de\/english\/produkt\/70er-jahre-outfit-blumig-hut-oberteil-rock-2-ketten-brille\/\",\"url\":\"https:\/\/www.kostuemebreuer.de\/english\/produkt\/70er-jahre-outfit-blumig-hut-oberteil-rock-2-ketten-brille\/\",\"name\":\"Produkt - Costumes Breuer\",\"isPartOf\":{\"@id\":\"https:\/\/www.kostuemebreuer.de\/english\/#website\"},\"primaryImageOfPage\":{\"@id\":\"https:\/\/www.kostuemebreuer.de\/english\/produkt\/70er-jahre-outfit-blumig-hut-oberteil-rock-2-ketten-brille\/#primaryimage\"},\"image\":{\"@id\":\"https:\/\/www.kostuemebreuer.de\/english\/produkt\/70er-jahre-outfit-blumig-hut-oberteil-rock-2-ketten-brille\/#primaryimage\"},\"thumbnailUrl\":\"https:\/\/www.kostuemebreuer.de\/english\/wp-content\/uploads\/sites\/6\/70er-blumig-1.jpg\",\"datePublished\":\"2026-04-27T09:12:13+00:00\",\"breadcrumb\":{\"@id\":\"https:\/\/www.kostuemebreuer.de\/english\/produkt\/70er-jahre-outfit-blumig-hut-oberteil-rock-2-ketten-brille\/#breadcrumb\"},\"inLanguage\":\"en-GB\",\"potentialAction\":[{\"@type\":\"ReadAction\",\"target\":[\"https:\/\/www.kostuemebreuer.de\/english\/produkt\/70er-jahre-outfit-blumig-hut-oberteil-rock-2-ketten-brille\/\"]}]},{\"@type\":\"ImageObject\",\"inLanguage\":\"en-GB\",\"@id\":\"https:\/\/www.kostuemebreuer.de\/english\/produkt\/70er-jahre-outfit-blumig-hut-oberteil-rock-2-ketten-brille\/#primaryimage\",\"url\":\"https:\/\/www.kostuemebreuer.de\/english\/wp-content\/uploads\/sites\/6\/70er-blumig-1.jpg\",\"contentUrl\":\"https:\/\/www.kostuemebreuer.de\/english\/wp-content\/uploads\/sites\/6\/70er-blumig-1.jpg\",\"width\":540,\"height\":943},{\"@type\":\"BreadcrumbList\",\"@id\":\"https:\/\/www.kostuemebreuer.de\/english\/produkt\/70er-jahre-outfit-blumig-hut-oberteil-rock-2-ketten-brille\/#breadcrumb\",\"itemListElement\":[{\"@type\":\"ListItem\",\"position\":1,\"name\":\"Startseite\",\"item\":\"https:\/\/www.kostuemebreuer.de\/english\/\"},{\"@type\":\"ListItem\",\"position\":2,\"name\":\"Kost\u00fcme\",\"item\":\"https:\/\/www.kostuemebreuer.de\/english\/kostueme\/\"},{\"@type\":\"ListItem\",\"position\":3,\"name\":\"Produkt\"}]},{\"@type\":\"WebSite\",\"@id\":\"https:\/\/www.kostuemebreuer.de\/english\/#website\",\"url\":\"https:\/\/www.kostuemebreuer.de\/english\/\",\"name\":\"Kost\u00fcme Breuer in M\u00fcnchen\",\"description\":\"Kost\u00fcmverleih\",\"publisher\":{\"@id\":\"https:\/\/www.kostuemebreuer.de\/english\/#organization\"},\"alternateName\":\"Kost\u00fcmverleih Breuer\",\"potentialAction\":[{\"@type\":\"SearchAction\",\"target\":{\"@type\":\"EntryPoint\",\"urlTemplate\":\"https:\/\/www.kostuemebreuer.de\/english\/?s={search_term_string}\"},\"query-input\":{\"@type\":\"PropertyValueSpecification\",\"valueRequired\":true,\"valueName\":\"search_term_string\"}}],\"inLanguage\":\"en-GB\"},{\"@type\":\"Organization\",\"@id\":\"https:\/\/www.kostuemebreuer.de\/english\/#organization\",\"name\":\"Kost\u00fcme Breuer in M\u00fcnchen\",\"url\":\"https:\/\/www.kostuemebreuer.de\/english\/\",\"logo\":{\"@type\":\"ImageObject\",\"inLanguage\":\"en-GB\",\"@id\":\"https:\/\/www.kostuemebreuer.de\/english\/#\/schema\/logo\/image\/\",\"url\":\"https:\/\/www.kostuemebreuer.de\/english\/wp-content\/uploads\/sites\/6\/logo.svg\",\"contentUrl\":\"https:\/\/www.kostuemebreuer.de\/english\/wp-content\/uploads\/sites\/6\/logo.svg\",\"caption\":\"Kost\u00fcme Breuer in M\u00fcnchen\"},\"image\":{\"@id\":\"https:\/\/www.kostuemebreuer.de\/english\/#\/schema\/logo\/image\/\"},\"sameAs\":[\"https:\/\/www.facebook.com\/Kostuemebreuer\/?locale=de_DE\",\"https:\/\/www.instagram.com\/kostuemebreuer\/\"]}]}<\/script>\n<!-- \/ Yoast SEO plugin. -->","yoast_head_json":{"title":"Produkt - Costumes Breuer","robots":{"index":"index","follow":"follow","max-snippet":"max-snippet:-1","max-image-preview":"max-image-preview:large","max-video-preview":"max-video-preview:-1"},"canonical":"https:\/\/www.kostuemebreuer.de\/english\/produkt\/70er-jahre-outfit-blumig-hut-oberteil-rock-2-ketten-brille\/","og_locale":"en_GB","og_type":"article","og_title":"Produkt - Costumes Breuer","og_description":"70er Jahre Outfit blumig Dieses authentische 70er-Jahre-Outfit f\u00fcr Damen vereint Retro-Chic, markante Strukturen und den unverwechselbaren Vibe eines ikonischen Jahrzehnts. ... Read more","og_url":"https:\/\/www.kostuemebreuer.de\/english\/produkt\/70er-jahre-outfit-blumig-hut-oberteil-rock-2-ketten-brille\/","og_site_name":"Costumes Breuer","article_publisher":"https:\/\/www.facebook.com\/Kostuemebreuer\/?locale=de_DE","og_image":[{"width":540,"height":943,"url":"https:\/\/www.kostuemebreuer.de\/english\/wp-content\/uploads\/sites\/6\/70er-blumig-1.jpg","type":"image\/jpeg"}],"twitter_card":"summary_large_image","twitter_misc":{"Estimated reading time":"2 minutes"},"schema":{"@context":"https:\/\/schema.org","@graph":[{"@type":"WebPage","@id":"https:\/\/www.kostuemebreuer.de\/english\/produkt\/70er-jahre-outfit-blumig-hut-oberteil-rock-2-ketten-brille\/","url":"https:\/\/www.kostuemebreuer.de\/english\/produkt\/70er-jahre-outfit-blumig-hut-oberteil-rock-2-ketten-brille\/","name":"Produkt - Costumes Breuer","isPartOf":{"@id":"https:\/\/www.kostuemebreuer.de\/english\/#website"},"primaryImageOfPage":{"@id":"https:\/\/www.kostuemebreuer.de\/english\/produkt\/70er-jahre-outfit-blumig-hut-oberteil-rock-2-ketten-brille\/#primaryimage"},"image":{"@id":"https:\/\/www.kostuemebreuer.de\/english\/produkt\/70er-jahre-outfit-blumig-hut-oberteil-rock-2-ketten-brille\/#primaryimage"},"thumbnailUrl":"https:\/\/www.kostuemebreuer.de\/english\/wp-content\/uploads\/sites\/6\/70er-blumig-1.jpg","datePublished":"2026-04-27T09:12:13+00:00","breadcrumb":{"@id":"https:\/\/www.kostuemebreuer.de\/english\/produkt\/70er-jahre-outfit-blumig-hut-oberteil-rock-2-ketten-brille\/#breadcrumb"},"inLanguage":"en-GB","potentialAction":[{"@type":"ReadAction","target":["https:\/\/www.kostuemebreuer.de\/english\/produkt\/70er-jahre-outfit-blumig-hut-oberteil-rock-2-ketten-brille\/"]}]},{"@type":"ImageObject","inLanguage":"en-GB","@id":"https:\/\/www.kostuemebreuer.de\/english\/produkt\/70er-jahre-outfit-blumig-hut-oberteil-rock-2-ketten-brille\/#primaryimage","url":"https:\/\/www.kostuemebreuer.de\/english\/wp-content\/uploads\/sites\/6\/70er-blumig-1.jpg","contentUrl":"https:\/\/www.kostuemebreuer.de\/english\/wp-content\/uploads\/sites\/6\/70er-blumig-1.jpg","width":540,"height":943},{"@type":"BreadcrumbList","@id":"https:\/\/www.kostuemebreuer.de\/english\/produkt\/70er-jahre-outfit-blumig-hut-oberteil-rock-2-ketten-brille\/#breadcrumb","itemListElement":[{"@type":"ListItem","position":1,"name":"Startseite","item":"https:\/\/www.kostuemebreuer.de\/english\/"},{"@type":"ListItem","position":2,"name":"Kost\u00fcme","item":"https:\/\/www.kostuemebreuer.de\/english\/kostueme\/"},{"@type":"ListItem","position":3,"name":"Produkt"}]},{"@type":"WebSite","@id":"https:\/\/www.kostuemebreuer.de\/english\/#website","url":"https:\/\/www.kostuemebreuer.de\/english\/","name":"Kost\u00fcme Breuer in M\u00fcnchen","description":"Kost\u00fcmverleih","publisher":{"@id":"https:\/\/www.kostuemebreuer.de\/english\/#organization"},"alternateName":"Kost\u00fcmverleih Breuer","potentialAction":[{"@type":"SearchAction","target":{"@type":"EntryPoint","urlTemplate":"https:\/\/www.kostuemebreuer.de\/english\/?s={search_term_string}"},"query-input":{"@type":"PropertyValueSpecification","valueRequired":true,"valueName":"search_term_string"}}],"inLanguage":"en-GB"},{"@type":"Organization","@id":"https:\/\/www.kostuemebreuer.de\/english\/#organization","name":"Kost\u00fcme Breuer in M\u00fcnchen","url":"https:\/\/www.kostuemebreuer.de\/english\/","logo":{"@type":"ImageObject","inLanguage":"en-GB","@id":"https:\/\/www.kostuemebreuer.de\/english\/#\/schema\/logo\/image\/","url":"https:\/\/www.kostuemebreuer.de\/english\/wp-content\/uploads\/sites\/6\/logo.svg","contentUrl":"https:\/\/www.kostuemebreuer.de\/english\/wp-content\/uploads\/sites\/6\/logo.svg","caption":"Kost\u00fcme Breuer in M\u00fcnchen"},"image":{"@id":"https:\/\/www.kostuemebreuer.de\/english\/#\/schema\/logo\/image\/"},"sameAs":["https:\/\/www.facebook.com\/Kostuemebreuer\/?locale=de_DE","https:\/\/www.instagram.com\/kostuemebreuer\/"]}]}},"acf":[],"_links":{"self":[{"href":"https:\/\/www.kostuemebreuer.de\/english\/wp-json\/wp\/v2\/product\/24281","targetHints":{"allow":["GET"]}}],"collection":[{"href":"https:\/\/www.kostuemebreuer.de\/english\/wp-json\/wp\/v2\/product"}],"about":[{"href":"https:\/\/www.kostuemebreuer.de\/english\/wp-json\/wp\/v2\/types\/product"}],"wp:featuredmedia":[{"embeddable":true,"href":"https:\/\/www.kostuemebreuer.de\/english\/wp-json\/wp\/v2\/media\/24278"}],"wp:attachment":[{"href":"https:\/\/www.kostuemebreuer.de\/english\/wp-json\/wp\/v2\/media?parent=24281"}],"wp:term":[{"taxonomy":"product_brand","embeddable":true,"href":"https:\/\/www.kostuemebreuer.de\/english\/wp-json\/wp\/v2\/product_brand?post=24281"},{"taxonomy":"product_cat","embeddable":true,"href":"https:\/\/www.kostuemebreuer.de\/english\/wp-json\/wp\/v2\/product_cat?post=24281"},{"taxonomy":"product_tag","embeddable":true,"href":"https:\/\/www.kostuemebreuer.de\/english\/wp-json\/wp\/v2\/product_tag?post=24281"}],"curies":[{"name":"wp","href":"https:\/\/api.w.org\/{rel}","templated":true}]}}