{"id":24224,"date":"2025-09-03T11:59:24","date_gmt":"2025-09-03T09:59:24","guid":{"rendered":"https:\/\/www.kostuemebreuer.de\/english\/produkt\/schotte-tracht-blau-kariert\/"},"modified":"2025-09-03T12:03:31","modified_gmt":"2025-09-03T10:03:31","slug":"schotte-tracht-blau-kariert","status":"publish","type":"product","link":"https:\/\/www.kostuemebreuer.de\/english\/produkt\/schotte-tracht-blau-kariert\/","title":{"rendered":"Produkt"},"content":{"rendered":"<p>Schotte Tracht, bestehend aus einem blaukarierten Kilt und einem Schiffchen, wahlweise erweiterbar mit einem wei\u00dfen Hemd mit R\u00fcschen und Sch\u00e4rpe (Paket 2), sowie Str\u00fcmpfe, Tasche und Schuhe (Paket 3), als auch einer Trachtenjacke. (Paket 4)<\/p>\n","protected":false},"excerpt":{"rendered":"<p>Schotte Tracht, bestehend aus einem blaukarierten Kilt und einem Schiffchen, wahlweise erweiterbar mit einem wei\u00dfen Hemd mit R\u00fcschen und Sch\u00e4rpe &#8230; <a title=\"Produkt\" class=\"read-more\" href=\"https:\/\/www.kostuemebreuer.de\/english\/produkt\/schotte-tracht-blau-kariert\/\" aria-label=\"Read more about Produkt\">Read more<\/a><\/p>\n","protected":false},"featured_media":24219,"template":"","meta":{"_acf_changed":false},"product_brand":[],"product_cat":[552],"product_tag":[53,176,817,718],"class_list":{"0":"post-24224","1":"product","2":"type-product","3":"status-publish","4":"has-post-thumbnail","6":"product_cat-miscellaneous","7":"product_tag-blau","8":"product_tag-internationale-trachten","9":"product_tag-schotte","10":"product_tag-tracht","11":"infinite-scroll-item","13":"first","14":"instock","15":"taxable","16":"shipping-taxable","17":"purchasable","18":"product-type-simple"},"yoast_head":"<!-- This site is optimized with the Yoast SEO plugin v27.2 - https:\/\/yoast.com\/product\/yoast-seo-wordpress\/ -->\n<title>Produkt - Costumes Breuer<\/title>\n<meta name=\"robots\" content=\"index, follow, max-snippet:-1, max-image-preview:large, max-video-preview:-1\" \/>\n<link rel=\"canonical\" href=\"https:\/\/www.kostuemebreuer.de\/english\/produkt\/schotte-tracht-blau-kariert\/\" \/>\n<meta property=\"og:locale\" content=\"en_GB\" \/>\n<meta property=\"og:type\" content=\"article\" \/>\n<meta property=\"og:title\" content=\"Produkt - Costumes Breuer\" \/>\n<meta property=\"og:description\" content=\"Schotte Tracht, bestehend aus einem blaukarierten Kilt und einem Schiffchen, wahlweise erweiterbar mit einem wei\u00dfen Hemd mit R\u00fcschen und Sch\u00e4rpe ... Read more\" \/>\n<meta property=\"og:url\" content=\"https:\/\/www.kostuemebreuer.de\/english\/produkt\/schotte-tracht-blau-kariert\/\" \/>\n<meta property=\"og:site_name\" content=\"Costumes Breuer\" \/>\n<meta property=\"article:publisher\" content=\"https:\/\/www.facebook.com\/Kostuemebreuer\/?locale=de_DE\" \/>\n<meta property=\"article:modified_time\" content=\"2025-09-03T10:03:31+00:00\" \/>\n<meta property=\"og:image\" content=\"https:\/\/www.kostuemebreuer.de\/english\/wp-content\/uploads\/sites\/6\/Schotte-blau-4.jpg\" \/>\n\t<meta property=\"og:image:width\" content=\"540\" \/>\n\t<meta property=\"og:image:height\" content=\"960\" \/>\n\t<meta property=\"og:image:type\" content=\"image\/jpeg\" \/>\n<meta name=\"twitter:card\" content=\"summary_large_image\" \/>\n<meta name=\"twitter:label1\" content=\"Estimated reading time\" \/>\n\t<meta name=\"twitter:data1\" content=\"1 minute\" \/>\n<script type=\"application\/ld+json\" class=\"yoast-schema-graph\">{\"@context\":\"https:\/\/schema.org\",\"@graph\":[{\"@type\":\"WebPage\",\"@id\":\"https:\/\/www.kostuemebreuer.de\/english\/produkt\/schotte-tracht-blau-kariert\/\",\"url\":\"https:\/\/www.kostuemebreuer.de\/english\/produkt\/schotte-tracht-blau-kariert\/\",\"name\":\"Produkt - Costumes Breuer\",\"isPartOf\":{\"@id\":\"https:\/\/www.kostuemebreuer.de\/english\/#website\"},\"primaryImageOfPage\":{\"@id\":\"https:\/\/www.kostuemebreuer.de\/english\/produkt\/schotte-tracht-blau-kariert\/#primaryimage\"},\"image\":{\"@id\":\"https:\/\/www.kostuemebreuer.de\/english\/produkt\/schotte-tracht-blau-kariert\/#primaryimage\"},\"thumbnailUrl\":\"https:\/\/www.kostuemebreuer.de\/english\/wp-content\/uploads\/sites\/6\/Schotte-blau-4.jpg\",\"datePublished\":\"2025-09-03T09:59:24+00:00\",\"dateModified\":\"2025-09-03T10:03:31+00:00\",\"breadcrumb\":{\"@id\":\"https:\/\/www.kostuemebreuer.de\/english\/produkt\/schotte-tracht-blau-kariert\/#breadcrumb\"},\"inLanguage\":\"en-GB\",\"potentialAction\":[{\"@type\":\"ReadAction\",\"target\":[\"https:\/\/www.kostuemebreuer.de\/english\/produkt\/schotte-tracht-blau-kariert\/\"]}]},{\"@type\":\"ImageObject\",\"inLanguage\":\"en-GB\",\"@id\":\"https:\/\/www.kostuemebreuer.de\/english\/produkt\/schotte-tracht-blau-kariert\/#primaryimage\",\"url\":\"https:\/\/www.kostuemebreuer.de\/english\/wp-content\/uploads\/sites\/6\/Schotte-blau-4.jpg\",\"contentUrl\":\"https:\/\/www.kostuemebreuer.de\/english\/wp-content\/uploads\/sites\/6\/Schotte-blau-4.jpg\",\"width\":540,\"height\":960},{\"@type\":\"BreadcrumbList\",\"@id\":\"https:\/\/www.kostuemebreuer.de\/english\/produkt\/schotte-tracht-blau-kariert\/#breadcrumb\",\"itemListElement\":[{\"@type\":\"ListItem\",\"position\":1,\"name\":\"Startseite\",\"item\":\"https:\/\/www.kostuemebreuer.de\/english\/\"},{\"@type\":\"ListItem\",\"position\":2,\"name\":\"Kost\u00fcme\",\"item\":\"https:\/\/www.kostuemebreuer.de\/english\/kostueme\/\"},{\"@type\":\"ListItem\",\"position\":3,\"name\":\"Produkt\"}]},{\"@type\":\"WebSite\",\"@id\":\"https:\/\/www.kostuemebreuer.de\/english\/#website\",\"url\":\"https:\/\/www.kostuemebreuer.de\/english\/\",\"name\":\"Kost\u00fcme Breuer in M\u00fcnchen\",\"description\":\"Kost\u00fcmverleih\",\"publisher\":{\"@id\":\"https:\/\/www.kostuemebreuer.de\/english\/#organization\"},\"alternateName\":\"Kost\u00fcmverleih Breuer\",\"potentialAction\":[{\"@type\":\"SearchAction\",\"target\":{\"@type\":\"EntryPoint\",\"urlTemplate\":\"https:\/\/www.kostuemebreuer.de\/english\/?s={search_term_string}\"},\"query-input\":{\"@type\":\"PropertyValueSpecification\",\"valueRequired\":true,\"valueName\":\"search_term_string\"}}],\"inLanguage\":\"en-GB\"},{\"@type\":\"Organization\",\"@id\":\"https:\/\/www.kostuemebreuer.de\/english\/#organization\",\"name\":\"Kost\u00fcme Breuer in M\u00fcnchen\",\"url\":\"https:\/\/www.kostuemebreuer.de\/english\/\",\"logo\":{\"@type\":\"ImageObject\",\"inLanguage\":\"en-GB\",\"@id\":\"https:\/\/www.kostuemebreuer.de\/english\/#\/schema\/logo\/image\/\",\"url\":\"https:\/\/www.kostuemebreuer.de\/english\/wp-content\/uploads\/sites\/6\/logo.svg\",\"contentUrl\":\"https:\/\/www.kostuemebreuer.de\/english\/wp-content\/uploads\/sites\/6\/logo.svg\",\"caption\":\"Kost\u00fcme Breuer in M\u00fcnchen\"},\"image\":{\"@id\":\"https:\/\/www.kostuemebreuer.de\/english\/#\/schema\/logo\/image\/\"},\"sameAs\":[\"https:\/\/www.facebook.com\/Kostuemebreuer\/?locale=de_DE\",\"https:\/\/www.instagram.com\/kostuemebreuer\/\"]}]}<\/script>\n<!-- \/ Yoast SEO plugin. -->","yoast_head_json":{"title":"Produkt - Costumes Breuer","robots":{"index":"index","follow":"follow","max-snippet":"max-snippet:-1","max-image-preview":"max-image-preview:large","max-video-preview":"max-video-preview:-1"},"canonical":"https:\/\/www.kostuemebreuer.de\/english\/produkt\/schotte-tracht-blau-kariert\/","og_locale":"en_GB","og_type":"article","og_title":"Produkt - Costumes Breuer","og_description":"Schotte Tracht, bestehend aus einem blaukarierten Kilt und einem Schiffchen, wahlweise erweiterbar mit einem wei\u00dfen Hemd mit R\u00fcschen und Sch\u00e4rpe ... Read more","og_url":"https:\/\/www.kostuemebreuer.de\/english\/produkt\/schotte-tracht-blau-kariert\/","og_site_name":"Costumes Breuer","article_publisher":"https:\/\/www.facebook.com\/Kostuemebreuer\/?locale=de_DE","article_modified_time":"2025-09-03T10:03:31+00:00","og_image":[{"width":540,"height":960,"url":"https:\/\/www.kostuemebreuer.de\/english\/wp-content\/uploads\/sites\/6\/Schotte-blau-4.jpg","type":"image\/jpeg"}],"twitter_card":"summary_large_image","twitter_misc":{"Estimated reading time":"1 minute"},"schema":{"@context":"https:\/\/schema.org","@graph":[{"@type":"WebPage","@id":"https:\/\/www.kostuemebreuer.de\/english\/produkt\/schotte-tracht-blau-kariert\/","url":"https:\/\/www.kostuemebreuer.de\/english\/produkt\/schotte-tracht-blau-kariert\/","name":"Produkt - Costumes Breuer","isPartOf":{"@id":"https:\/\/www.kostuemebreuer.de\/english\/#website"},"primaryImageOfPage":{"@id":"https:\/\/www.kostuemebreuer.de\/english\/produkt\/schotte-tracht-blau-kariert\/#primaryimage"},"image":{"@id":"https:\/\/www.kostuemebreuer.de\/english\/produkt\/schotte-tracht-blau-kariert\/#primaryimage"},"thumbnailUrl":"https:\/\/www.kostuemebreuer.de\/english\/wp-content\/uploads\/sites\/6\/Schotte-blau-4.jpg","datePublished":"2025-09-03T09:59:24+00:00","dateModified":"2025-09-03T10:03:31+00:00","breadcrumb":{"@id":"https:\/\/www.kostuemebreuer.de\/english\/produkt\/schotte-tracht-blau-kariert\/#breadcrumb"},"inLanguage":"en-GB","potentialAction":[{"@type":"ReadAction","target":["https:\/\/www.kostuemebreuer.de\/english\/produkt\/schotte-tracht-blau-kariert\/"]}]},{"@type":"ImageObject","inLanguage":"en-GB","@id":"https:\/\/www.kostuemebreuer.de\/english\/produkt\/schotte-tracht-blau-kariert\/#primaryimage","url":"https:\/\/www.kostuemebreuer.de\/english\/wp-content\/uploads\/sites\/6\/Schotte-blau-4.jpg","contentUrl":"https:\/\/www.kostuemebreuer.de\/english\/wp-content\/uploads\/sites\/6\/Schotte-blau-4.jpg","width":540,"height":960},{"@type":"BreadcrumbList","@id":"https:\/\/www.kostuemebreuer.de\/english\/produkt\/schotte-tracht-blau-kariert\/#breadcrumb","itemListElement":[{"@type":"ListItem","position":1,"name":"Startseite","item":"https:\/\/www.kostuemebreuer.de\/english\/"},{"@type":"ListItem","position":2,"name":"Kost\u00fcme","item":"https:\/\/www.kostuemebreuer.de\/english\/kostueme\/"},{"@type":"ListItem","position":3,"name":"Produkt"}]},{"@type":"WebSite","@id":"https:\/\/www.kostuemebreuer.de\/english\/#website","url":"https:\/\/www.kostuemebreuer.de\/english\/","name":"Kost\u00fcme Breuer in M\u00fcnchen","description":"Kost\u00fcmverleih","publisher":{"@id":"https:\/\/www.kostuemebreuer.de\/english\/#organization"},"alternateName":"Kost\u00fcmverleih Breuer","potentialAction":[{"@type":"SearchAction","target":{"@type":"EntryPoint","urlTemplate":"https:\/\/www.kostuemebreuer.de\/english\/?s={search_term_string}"},"query-input":{"@type":"PropertyValueSpecification","valueRequired":true,"valueName":"search_term_string"}}],"inLanguage":"en-GB"},{"@type":"Organization","@id":"https:\/\/www.kostuemebreuer.de\/english\/#organization","name":"Kost\u00fcme Breuer in M\u00fcnchen","url":"https:\/\/www.kostuemebreuer.de\/english\/","logo":{"@type":"ImageObject","inLanguage":"en-GB","@id":"https:\/\/www.kostuemebreuer.de\/english\/#\/schema\/logo\/image\/","url":"https:\/\/www.kostuemebreuer.de\/english\/wp-content\/uploads\/sites\/6\/logo.svg","contentUrl":"https:\/\/www.kostuemebreuer.de\/english\/wp-content\/uploads\/sites\/6\/logo.svg","caption":"Kost\u00fcme Breuer in M\u00fcnchen"},"image":{"@id":"https:\/\/www.kostuemebreuer.de\/english\/#\/schema\/logo\/image\/"},"sameAs":["https:\/\/www.facebook.com\/Kostuemebreuer\/?locale=de_DE","https:\/\/www.instagram.com\/kostuemebreuer\/"]}]}},"acf":[],"_links":{"self":[{"href":"https:\/\/www.kostuemebreuer.de\/english\/wp-json\/wp\/v2\/product\/24224","targetHints":{"allow":["GET"]}}],"collection":[{"href":"https:\/\/www.kostuemebreuer.de\/english\/wp-json\/wp\/v2\/product"}],"about":[{"href":"https:\/\/www.kostuemebreuer.de\/english\/wp-json\/wp\/v2\/types\/product"}],"wp:featuredmedia":[{"embeddable":true,"href":"https:\/\/www.kostuemebreuer.de\/english\/wp-json\/wp\/v2\/media\/24219"}],"wp:attachment":[{"href":"https:\/\/www.kostuemebreuer.de\/english\/wp-json\/wp\/v2\/media?parent=24224"}],"wp:term":[{"taxonomy":"product_brand","embeddable":true,"href":"https:\/\/www.kostuemebreuer.de\/english\/wp-json\/wp\/v2\/product_brand?post=24224"},{"taxonomy":"product_cat","embeddable":true,"href":"https:\/\/www.kostuemebreuer.de\/english\/wp-json\/wp\/v2\/product_cat?post=24224"},{"taxonomy":"product_tag","embeddable":true,"href":"https:\/\/www.kostuemebreuer.de\/english\/wp-json\/wp\/v2\/product_tag?post=24224"}],"curies":[{"name":"wp","href":"https:\/\/api.w.org\/{rel}","templated":true}]}}

<p>Schotte Tracht, bestehend aus einem blaukarierten Kilt und einem Schiffchen, wahlweise erweiterbar mit einem weißen Hemd mit Rüschen und Schärpe (Paket 2), sowie Strümpfe, Tasche und Schuhe (Paket 3), als auch einer Trachtenjacke. (Paket 4)</p>

<p>Schotte Tracht, bestehend aus einem blaukarierten Kilt und einem Schiffchen, wahlweise erweiterbar mit einem weißen Hemd mit Rüschen und Schärpe &#8230; <a title="Produkt" class="read-more" href="https://www.kostuemebreuer.de/english/produkt/schotte-tracht-blau-kariert/" aria-label="Read more about Produkt">Read more</a></p>

<!-- This site is optimized with the Yoast SEO plugin v27.2 - https://yoast.com/product/yoast-seo-wordpress/ -->
<title>Produkt - Costumes Breuer</title>
<meta name="robots" content="index, follow, max-snippet:-1, max-image-preview:large, max-video-preview:-1" />
<link rel="canonical" href="https://www.kostuemebreuer.de/english/produkt/schotte-tracht-blau-kariert/" />
<meta property="og:locale" content="en_GB" />
<meta property="og:type" content="article" />
<meta property="og:title" content="Produkt - Costumes Breuer" />
<meta property="og:description" content="Schotte Tracht, bestehend aus einem blaukarierten Kilt und einem Schiffchen, wahlweise erweiterbar mit einem weißen Hemd mit Rüschen und Schärpe ... Read more" />
<meta property="og:url" content="https://www.kostuemebreuer.de/english/produkt/schotte-tracht-blau-kariert/" />
<meta property="og:site_name" content="Costumes Breuer" />
<meta property="article:publisher" content="https://www.facebook.com/Kostuemebreuer/?locale=de_DE" />
<meta property="article:modified_time" content="2025-09-03T10:03:31+00:00" />
<meta property="og:image" content="https://www.kostuemebreuer.de/english/wp-content/uploads/sites/6/Schotte-blau-4.jpg" />
	<meta property="og:image:width" content="540" />
	<meta property="og:image:height" content="960" />
	<meta property="og:image:type" content="image/jpeg" />
<meta name="twitter:card" content="summary_large_image" />
<meta name="twitter:label1" content="Estimated reading time" />
	<meta name="twitter:data1" content="1 minute" />
<script type="application/ld+json" class="yoast-schema-graph">{"@context":"https://schema.org","@graph":[{"@type":"WebPage","@id":"https://www.kostuemebreuer.de/english/produkt/schotte-tracht-blau-kariert/","url":"https://www.kostuemebreuer.de/english/produkt/schotte-tracht-blau-kariert/","name":"Produkt - Costumes Breuer","isPartOf":{"@id":"https://www.kostuemebreuer.de/english/#website"},"primaryImageOfPage":{"@id":"https://www.kostuemebreuer.de/english/produkt/schotte-tracht-blau-kariert/#primaryimage"},"image":{"@id":"https://www.kostuemebreuer.de/english/produkt/schotte-tracht-blau-kariert/#primaryimage"},"thumbnailUrl":"https://www.kostuemebreuer.de/english/wp-content/uploads/sites/6/Schotte-blau-4.jpg","datePublished":"2025-09-03T09:59:24+00:00","dateModified":"2025-09-03T10:03:31+00:00","breadcrumb":{"@id":"https://www.kostuemebreuer.de/english/produkt/schotte-tracht-blau-kariert/#breadcrumb"},"inLanguage":"en-GB","potentialAction":[{"@type":"ReadAction","target":["https://www.kostuemebreuer.de/english/produkt/schotte-tracht-blau-kariert/"]}]},{"@type":"ImageObject","inLanguage":"en-GB","@id":"https://www.kostuemebreuer.de/english/produkt/schotte-tracht-blau-kariert/#primaryimage","url":"https://www.kostuemebreuer.de/english/wp-content/uploads/sites/6/Schotte-blau-4.jpg","contentUrl":"https://www.kostuemebreuer.de/english/wp-content/uploads/sites/6/Schotte-blau-4.jpg","width":540,"height":960},{"@type":"BreadcrumbList","@id":"https://www.kostuemebreuer.de/english/produkt/schotte-tracht-blau-kariert/#breadcrumb","itemListElement":[{"@type":"ListItem","position":1,"name":"Startseite","item":"https://www.kostuemebreuer.de/english/"},{"@type":"ListItem","position":2,"name":"Kostüme","item":"https://www.kostuemebreuer.de/english/kostueme/"},{"@type":"ListItem","position":3,"name":"Produkt"}]},{"@type":"WebSite","@id":"https://www.kostuemebreuer.de/english/#website","url":"https://www.kostuemebreuer.de/english/","name":"Kostüme Breuer in München","description":"Kostümverleih","publisher":{"@id":"https://www.kostuemebreuer.de/english/#organization"},"alternateName":"Kostümverleih Breuer","potentialAction":[{"@type":"SearchAction","target":{"@type":"EntryPoint","urlTemplate":"https://www.kostuemebreuer.de/english/?s={search_term_string}"},"query-input":{"@type":"PropertyValueSpecification","valueRequired":true,"valueName":"search_term_string"}}],"inLanguage":"en-GB"},{"@type":"Organization","@id":"https://www.kostuemebreuer.de/english/#organization","name":"Kostüme Breuer in München","url":"https://www.kostuemebreuer.de/english/","logo":{"@type":"ImageObject","inLanguage":"en-GB","@id":"https://www.kostuemebreuer.de/english/#/schema/logo/image/","url":"https://www.kostuemebreuer.de/english/wp-content/uploads/sites/6/logo.svg","contentUrl":"https://www.kostuemebreuer.de/english/wp-content/uploads/sites/6/logo.svg","caption":"Kostüme Breuer in München"},"image":{"@id":"https://www.kostuemebreuer.de/english/#/schema/logo/image/"},"sameAs":["https://www.facebook.com/Kostuemebreuer/?locale=de_DE","https://www.instagram.com/kostuemebreuer/"]}]}</script>
<!-- / Yoast SEO plugin. -->

Schotte Tracht, bestehend aus einem blaukarierten Kilt und einem Schiffchen, wahlweise erweiterbar mit einem weißen Hemd mit Rüschen und Schärpe ... Read more

Kostüme

Kostüme Breuer in München

Kostümverleih

Kostümverleih Breuer
