{"id":17150,"date":"2018-01-05T15:14:30","date_gmt":"2018-01-05T13:14:30","guid":{"rendered":"https:\/\/www.kostuemverleih.com\/produkt\/alice-hutmacher-bordeaux\/"},"modified":"2023-12-02T06:02:52","modified_gmt":"2023-12-02T04:02:52","slug":"alice-hutmacher-bordeaux","status":"publish","type":"product","link":"https:\/\/www.kostuemebreuer.de\/english\/produkt\/alice-hutmacher-bordeaux\/","title":{"rendered":"Alice im Wunderland \u2013 Hutmacher &#8211; Bordeaux (Schleife und Zylinder mit Schmuck"},"content":{"rendered":"<p>Alice im Wunderland \u2013 Hutmacher, bestehend aus einer Schleife und einem Zylinder mit Schmuck, wahlweise erweiterbar mit einer <strong>Kniebundhose und Garnkette<\/strong> (Paket 2), sowie einer <strong>Weste und Hemd<\/strong> (Paket 3), als auch einem (Rokoko) <strong>Frack<\/strong>. (Paket 4)<\/p>\n<p>Die typisch rote Lockenper\u00fccke (Kauf) kann separat dazu gebucht werden.<\/p>\n","protected":false},"excerpt":{"rendered":"<p>Alice im Wunderland \u2013 Hutmacher, bestehend aus einer Schleife und einem Zylinder mit Schmuck, wahlweise erweiterbar mit einer <strong>Kniebundhose und Garnkette<\/strong> (Paket 2), sowie einer <strong>Weste und Hemd<\/strong> (Paket 3), als auch einem (Rokoko) <strong>Frack<\/strong>. (Paket 4)<\/p>\n<p>Die typisch rote Lockenper\u00fccke (Kauf) kann separat dazu gebucht werden.<\/p>\n","protected":false},"featured_media":17160,"template":"","meta":{"_acf_changed":false},"product_brand":[],"product_cat":[79,29],"product_tag":[654,655,76,61],"class_list":{"0":"post-17150","1":"product","2":"type-product","3":"status-publish","4":"has-post-thumbnail","6":"product_cat-jacken","7":"product_cat-kostueme","8":"product_tag-alice","9":"product_tag-alice-im-wunderland","10":"product_tag-gruen","11":"product_tag-maerchen-fabelwesen","12":"product_shipping_class-versandklasse-2","13":"infinite-scroll-item","15":"first","16":"instock","17":"taxable","18":"shipping-taxable","19":"purchasable","20":"product-type-simple"},"yoast_head":"<!-- This site is optimized with the Yoast SEO plugin v27.2 - https:\/\/yoast.com\/product\/yoast-seo-wordpress\/ -->\n<title>Alice im Wunderland \u2013 Hutmacher - Bordeaux (Schleife und Zylinder mit Schmuck - Costumes Breuer<\/title>\n<meta name=\"description\" content=\"Alice im Wunderland \u2013 Hutmacher, bestehend aus einer Schleife und einem Zylinder mit Schmuck, wahlweise erweiterbar mit einer Kniebundhose und Garnkette (Paket 2), sowie einer Weste und Hemd (Paket 3), als auch einem (Rokoko) Frack. (Paket 4) Die typisch rote Lockenper\u00fccke (Kauf) kann separat dazu gebucht werden.\" \/>\n<meta name=\"robots\" content=\"index, follow, max-snippet:-1, max-image-preview:large, max-video-preview:-1\" \/>\n<link rel=\"canonical\" href=\"https:\/\/www.kostuemebreuer.de\/english\/produkt\/alice-hutmacher-bordeaux\/\" \/>\n<meta property=\"og:locale\" content=\"en_GB\" \/>\n<meta property=\"og:type\" content=\"article\" \/>\n<meta property=\"og:title\" content=\"Alice im Wunderland \u2013 Hutmacher - Bordeaux (Schleife und Zylinder mit Schmuck - Costumes Breuer\" \/>\n<meta property=\"og:description\" content=\"Alice im Wunderland \u2013 Hutmacher, bestehend aus einer Schleife und einem Zylinder mit Schmuck, wahlweise erweiterbar mit einer Kniebundhose und Garnkette (Paket 2), sowie einer Weste und Hemd (Paket 3), als auch einem (Rokoko) Frack. (Paket 4) Die typisch rote Lockenper\u00fccke (Kauf) kann separat dazu gebucht werden.\" \/>\n<meta property=\"og:url\" content=\"https:\/\/www.kostuemebreuer.de\/english\/produkt\/alice-hutmacher-bordeaux\/\" \/>\n<meta property=\"og:site_name\" content=\"Costumes Breuer\" \/>\n<meta property=\"article:publisher\" content=\"https:\/\/www.facebook.com\/Kostuemebreuer\/?locale=de_DE\" \/>\n<meta property=\"article:modified_time\" content=\"2023-12-02T04:02:52+00:00\" \/>\n<meta property=\"og:image\" content=\"https:\/\/www.kostuemebreuer.de\/english\/wp-content\/uploads\/sites\/6\/Hutmacher-bordeux.jpg\" \/>\n\t<meta property=\"og:image:width\" content=\"540\" \/>\n\t<meta property=\"og:image:height\" content=\"960\" \/>\n\t<meta property=\"og:image:type\" content=\"image\/jpeg\" \/>\n<meta name=\"twitter:card\" content=\"summary_large_image\" \/>\n<script type=\"application\/ld+json\" class=\"yoast-schema-graph\">{\"@context\":\"https:\/\/schema.org\",\"@graph\":[{\"@type\":\"WebPage\",\"@id\":\"https:\/\/www.kostuemebreuer.de\/english\/produkt\/alice-hutmacher-bordeaux\/\",\"url\":\"https:\/\/www.kostuemebreuer.de\/english\/produkt\/alice-hutmacher-bordeaux\/\",\"name\":\"Alice im Wunderland \u2013 Hutmacher - Bordeaux (Schleife und Zylinder mit Schmuck - Costumes Breuer\",\"isPartOf\":{\"@id\":\"https:\/\/www.kostuemebreuer.de\/english\/#website\"},\"primaryImageOfPage\":{\"@id\":\"https:\/\/www.kostuemebreuer.de\/english\/produkt\/alice-hutmacher-bordeaux\/#primaryimage\"},\"image\":{\"@id\":\"https:\/\/www.kostuemebreuer.de\/english\/produkt\/alice-hutmacher-bordeaux\/#primaryimage\"},\"thumbnailUrl\":\"https:\/\/www.kostuemebreuer.de\/english\/wp-content\/uploads\/sites\/6\/Hutmacher-bordeux.jpg\",\"datePublished\":\"2018-01-05T13:14:30+00:00\",\"dateModified\":\"2023-12-02T04:02:52+00:00\",\"description\":\"Alice im Wunderland \u2013 Hutmacher, bestehend aus einer Schleife und einem Zylinder mit Schmuck, wahlweise erweiterbar mit einer Kniebundhose und Garnkette (Paket 2), sowie einer Weste und Hemd (Paket 3), als auch einem (Rokoko) Frack. (Paket 4) Die typisch rote Lockenper\u00fccke (Kauf) kann separat dazu gebucht werden.\",\"breadcrumb\":{\"@id\":\"https:\/\/www.kostuemebreuer.de\/english\/produkt\/alice-hutmacher-bordeaux\/#breadcrumb\"},\"inLanguage\":\"en-GB\",\"potentialAction\":[{\"@type\":\"ReadAction\",\"target\":[\"https:\/\/www.kostuemebreuer.de\/english\/produkt\/alice-hutmacher-bordeaux\/\"]}]},{\"@type\":\"ImageObject\",\"inLanguage\":\"en-GB\",\"@id\":\"https:\/\/www.kostuemebreuer.de\/english\/produkt\/alice-hutmacher-bordeaux\/#primaryimage\",\"url\":\"https:\/\/www.kostuemebreuer.de\/english\/wp-content\/uploads\/sites\/6\/Hutmacher-bordeux.jpg\",\"contentUrl\":\"https:\/\/www.kostuemebreuer.de\/english\/wp-content\/uploads\/sites\/6\/Hutmacher-bordeux.jpg\",\"width\":540,\"height\":960},{\"@type\":\"BreadcrumbList\",\"@id\":\"https:\/\/www.kostuemebreuer.de\/english\/produkt\/alice-hutmacher-bordeaux\/#breadcrumb\",\"itemListElement\":[{\"@type\":\"ListItem\",\"position\":1,\"name\":\"Startseite\",\"item\":\"https:\/\/www.kostuemebreuer.de\/english\/\"},{\"@type\":\"ListItem\",\"position\":2,\"name\":\"Kost\u00fcme\",\"item\":\"https:\/\/www.kostuemebreuer.de\/english\/kostueme\/\"},{\"@type\":\"ListItem\",\"position\":3,\"name\":\"Alice im Wunderland \u2013 Hutmacher &#8211; Bordeaux (Schleife und Zylinder mit Schmuck\"}]},{\"@type\":\"WebSite\",\"@id\":\"https:\/\/www.kostuemebreuer.de\/english\/#website\",\"url\":\"https:\/\/www.kostuemebreuer.de\/english\/\",\"name\":\"Kost\u00fcme Breuer in M\u00fcnchen\",\"description\":\"Kost\u00fcmverleih\",\"publisher\":{\"@id\":\"https:\/\/www.kostuemebreuer.de\/english\/#organization\"},\"alternateName\":\"Kost\u00fcmverleih Breuer\",\"potentialAction\":[{\"@type\":\"SearchAction\",\"target\":{\"@type\":\"EntryPoint\",\"urlTemplate\":\"https:\/\/www.kostuemebreuer.de\/english\/?s={search_term_string}\"},\"query-input\":{\"@type\":\"PropertyValueSpecification\",\"valueRequired\":true,\"valueName\":\"search_term_string\"}}],\"inLanguage\":\"en-GB\"},{\"@type\":\"Organization\",\"@id\":\"https:\/\/www.kostuemebreuer.de\/english\/#organization\",\"name\":\"Kost\u00fcme Breuer in M\u00fcnchen\",\"url\":\"https:\/\/www.kostuemebreuer.de\/english\/\",\"logo\":{\"@type\":\"ImageObject\",\"inLanguage\":\"en-GB\",\"@id\":\"https:\/\/www.kostuemebreuer.de\/english\/#\/schema\/logo\/image\/\",\"url\":\"https:\/\/www.kostuemebreuer.de\/english\/wp-content\/uploads\/sites\/6\/logo.svg\",\"contentUrl\":\"https:\/\/www.kostuemebreuer.de\/english\/wp-content\/uploads\/sites\/6\/logo.svg\",\"caption\":\"Kost\u00fcme Breuer in M\u00fcnchen\"},\"image\":{\"@id\":\"https:\/\/www.kostuemebreuer.de\/english\/#\/schema\/logo\/image\/\"},\"sameAs\":[\"https:\/\/www.facebook.com\/Kostuemebreuer\/?locale=de_DE\",\"https:\/\/www.instagram.com\/kostuemebreuer\/\"]}]}<\/script>\n<!-- \/ Yoast SEO plugin. -->","yoast_head_json":{"title":"Alice im Wunderland \u2013 Hutmacher - Bordeaux (Schleife und Zylinder mit Schmuck - Costumes Breuer","description":"Alice im Wunderland \u2013 Hutmacher, bestehend aus einer Schleife und einem Zylinder mit Schmuck, wahlweise erweiterbar mit einer Kniebundhose und Garnkette (Paket 2), sowie einer Weste und Hemd (Paket 3), als auch einem (Rokoko) Frack. (Paket 4) Die typisch rote Lockenper\u00fccke (Kauf) kann separat dazu gebucht werden.","robots":{"index":"index","follow":"follow","max-snippet":"max-snippet:-1","max-image-preview":"max-image-preview:large","max-video-preview":"max-video-preview:-1"},"canonical":"https:\/\/www.kostuemebreuer.de\/english\/produkt\/alice-hutmacher-bordeaux\/","og_locale":"en_GB","og_type":"article","og_title":"Alice im Wunderland \u2013 Hutmacher - Bordeaux (Schleife und Zylinder mit Schmuck - Costumes Breuer","og_description":"Alice im Wunderland \u2013 Hutmacher, bestehend aus einer Schleife und einem Zylinder mit Schmuck, wahlweise erweiterbar mit einer Kniebundhose und Garnkette (Paket 2), sowie einer Weste und Hemd (Paket 3), als auch einem (Rokoko) Frack. (Paket 4) Die typisch rote Lockenper\u00fccke (Kauf) kann separat dazu gebucht werden.","og_url":"https:\/\/www.kostuemebreuer.de\/english\/produkt\/alice-hutmacher-bordeaux\/","og_site_name":"Costumes Breuer","article_publisher":"https:\/\/www.facebook.com\/Kostuemebreuer\/?locale=de_DE","article_modified_time":"2023-12-02T04:02:52+00:00","og_image":[{"width":540,"height":960,"url":"https:\/\/www.kostuemebreuer.de\/english\/wp-content\/uploads\/sites\/6\/Hutmacher-bordeux.jpg","type":"image\/jpeg"}],"twitter_card":"summary_large_image","schema":{"@context":"https:\/\/schema.org","@graph":[{"@type":"WebPage","@id":"https:\/\/www.kostuemebreuer.de\/english\/produkt\/alice-hutmacher-bordeaux\/","url":"https:\/\/www.kostuemebreuer.de\/english\/produkt\/alice-hutmacher-bordeaux\/","name":"Alice im Wunderland \u2013 Hutmacher - Bordeaux (Schleife und Zylinder mit Schmuck - Costumes Breuer","isPartOf":{"@id":"https:\/\/www.kostuemebreuer.de\/english\/#website"},"primaryImageOfPage":{"@id":"https:\/\/www.kostuemebreuer.de\/english\/produkt\/alice-hutmacher-bordeaux\/#primaryimage"},"image":{"@id":"https:\/\/www.kostuemebreuer.de\/english\/produkt\/alice-hutmacher-bordeaux\/#primaryimage"},"thumbnailUrl":"https:\/\/www.kostuemebreuer.de\/english\/wp-content\/uploads\/sites\/6\/Hutmacher-bordeux.jpg","datePublished":"2018-01-05T13:14:30+00:00","dateModified":"2023-12-02T04:02:52+00:00","description":"Alice im Wunderland \u2013 Hutmacher, bestehend aus einer Schleife und einem Zylinder mit Schmuck, wahlweise erweiterbar mit einer Kniebundhose und Garnkette (Paket 2), sowie einer Weste und Hemd (Paket 3), als auch einem (Rokoko) Frack. (Paket 4) Die typisch rote Lockenper\u00fccke (Kauf) kann separat dazu gebucht werden.","breadcrumb":{"@id":"https:\/\/www.kostuemebreuer.de\/english\/produkt\/alice-hutmacher-bordeaux\/#breadcrumb"},"inLanguage":"en-GB","potentialAction":[{"@type":"ReadAction","target":["https:\/\/www.kostuemebreuer.de\/english\/produkt\/alice-hutmacher-bordeaux\/"]}]},{"@type":"ImageObject","inLanguage":"en-GB","@id":"https:\/\/www.kostuemebreuer.de\/english\/produkt\/alice-hutmacher-bordeaux\/#primaryimage","url":"https:\/\/www.kostuemebreuer.de\/english\/wp-content\/uploads\/sites\/6\/Hutmacher-bordeux.jpg","contentUrl":"https:\/\/www.kostuemebreuer.de\/english\/wp-content\/uploads\/sites\/6\/Hutmacher-bordeux.jpg","width":540,"height":960},{"@type":"BreadcrumbList","@id":"https:\/\/www.kostuemebreuer.de\/english\/produkt\/alice-hutmacher-bordeaux\/#breadcrumb","itemListElement":[{"@type":"ListItem","position":1,"name":"Startseite","item":"https:\/\/www.kostuemebreuer.de\/english\/"},{"@type":"ListItem","position":2,"name":"Kost\u00fcme","item":"https:\/\/www.kostuemebreuer.de\/english\/kostueme\/"},{"@type":"ListItem","position":3,"name":"Alice im Wunderland \u2013 Hutmacher &#8211; Bordeaux (Schleife und Zylinder mit Schmuck"}]},{"@type":"WebSite","@id":"https:\/\/www.kostuemebreuer.de\/english\/#website","url":"https:\/\/www.kostuemebreuer.de\/english\/","name":"Kost\u00fcme Breuer in M\u00fcnchen","description":"Kost\u00fcmverleih","publisher":{"@id":"https:\/\/www.kostuemebreuer.de\/english\/#organization"},"alternateName":"Kost\u00fcmverleih Breuer","potentialAction":[{"@type":"SearchAction","target":{"@type":"EntryPoint","urlTemplate":"https:\/\/www.kostuemebreuer.de\/english\/?s={search_term_string}"},"query-input":{"@type":"PropertyValueSpecification","valueRequired":true,"valueName":"search_term_string"}}],"inLanguage":"en-GB"},{"@type":"Organization","@id":"https:\/\/www.kostuemebreuer.de\/english\/#organization","name":"Kost\u00fcme Breuer in M\u00fcnchen","url":"https:\/\/www.kostuemebreuer.de\/english\/","logo":{"@type":"ImageObject","inLanguage":"en-GB","@id":"https:\/\/www.kostuemebreuer.de\/english\/#\/schema\/logo\/image\/","url":"https:\/\/www.kostuemebreuer.de\/english\/wp-content\/uploads\/sites\/6\/logo.svg","contentUrl":"https:\/\/www.kostuemebreuer.de\/english\/wp-content\/uploads\/sites\/6\/logo.svg","caption":"Kost\u00fcme Breuer in M\u00fcnchen"},"image":{"@id":"https:\/\/www.kostuemebreuer.de\/english\/#\/schema\/logo\/image\/"},"sameAs":["https:\/\/www.facebook.com\/Kostuemebreuer\/?locale=de_DE","https:\/\/www.instagram.com\/kostuemebreuer\/"]}]}},"acf":[],"_links":{"self":[{"href":"https:\/\/www.kostuemebreuer.de\/english\/wp-json\/wp\/v2\/product\/17150","targetHints":{"allow":["GET"]}}],"collection":[{"href":"https:\/\/www.kostuemebreuer.de\/english\/wp-json\/wp\/v2\/product"}],"about":[{"href":"https:\/\/www.kostuemebreuer.de\/english\/wp-json\/wp\/v2\/types\/product"}],"wp:featuredmedia":[{"embeddable":true,"href":"https:\/\/www.kostuemebreuer.de\/english\/wp-json\/wp\/v2\/media\/17160"}],"wp:attachment":[{"href":"https:\/\/www.kostuemebreuer.de\/english\/wp-json\/wp\/v2\/media?parent=17150"}],"wp:term":[{"taxonomy":"product_brand","embeddable":true,"href":"https:\/\/www.kostuemebreuer.de\/english\/wp-json\/wp\/v2\/product_brand?post=17150"},{"taxonomy":"product_cat","embeddable":true,"href":"https:\/\/www.kostuemebreuer.de\/english\/wp-json\/wp\/v2\/product_cat?post=17150"},{"taxonomy":"product_tag","embeddable":true,"href":"https:\/\/www.kostuemebreuer.de\/english\/wp-json\/wp\/v2\/product_tag?post=17150"}],"curies":[{"name":"wp","href":"https:\/\/api.w.org\/{rel}","templated":true}]}}