{"id":17069,"date":"2018-01-04T15:11:22","date_gmt":"2018-01-04T13:11:22","guid":{"rendered":"https:\/\/www.kostuemverleih.com\/?post_type=product&#038;p=17069"},"modified":"2023-12-02T06:02:50","modified_gmt":"2023-12-02T04:02:50","slug":"reitkostuem-rot-schwarz","status":"publish","type":"product","link":"https:\/\/www.kostuemebreuer.de\/english\/produkt\/reitkostuem-rot-schwarz\/","title":{"rendered":"Reiterin &#8211; Antik &#8211; Rot-Schwarz (Jacke, Rock und Jabot)"},"content":{"rendered":"<p>Reiterin \u2013 Antik \u2013 Rot-Schwarz, bestehend aus einer roten Jacke mit Spitzenbesatz und einem schwarzen Rock, sowie einem Jabot, wahlweise erweiterbar mit einer Bluse, einem geschm\u00fcckten Zylinder, Pompadure, Handschuhen und Schirm. (Paket 2)<\/p>\n","protected":false},"excerpt":{"rendered":"<p>Reiterin \u2013 Antik \u2013 Rot-Schwarz, bestehend aus einer roten Jacke mit Spitzenbesatz und einem schwarzen Rock, sowie einem Jabot, wahlweise erweiterbar mit einer <strong>Bluse, einem geschm\u00fcckten Zylinder, Pompadure, Handschuhen und Schirm<\/strong>. (Paket 2)<\/p>\n","protected":false},"featured_media":17070,"template":"","meta":{"_acf_changed":false},"product_brand":[],"product_cat":[125,29],"product_tag":[118,63,42],"class_list":{"0":"post-17069","1":"product","2":"type-product","3":"status-publish","4":"has-post-thumbnail","6":"product_cat-kleider","7":"product_cat-kostueme","8":"product_tag-jahrhundertwende","9":"product_tag-rot","10":"product_tag-schwarz","11":"product_shipping_class-versandklasse-2","12":"infinite-scroll-item","14":"first","15":"instock","16":"taxable","17":"shipping-taxable","18":"purchasable","19":"product-type-simple"},"yoast_head":"<!-- This site is optimized with the Yoast SEO plugin v27.2 - https:\/\/yoast.com\/product\/yoast-seo-wordpress\/ -->\n<title>Reiterin - Antik - Rot-Schwarz (Jacke, Rock und Jabot) - Costumes Breuer<\/title>\n<meta name=\"description\" content=\"Reiterin \u2013 Antik \u2013 Rot-Schwarz, bestehend aus einer roten Jacke mit Spitzenbesatz und einem schwarzen Rock, sowie einem Jabot, wahlweise erweiterbar mit einer Bluse, einem geschm\u00fcckten Zylinder, Pompadure, Handschuhen und Schirm. (Paket 2)\" \/>\n<meta name=\"robots\" content=\"index, follow, max-snippet:-1, max-image-preview:large, max-video-preview:-1\" \/>\n<link rel=\"canonical\" href=\"https:\/\/www.kostuemebreuer.de\/english\/produkt\/reitkostuem-rot-schwarz\/\" \/>\n<meta property=\"og:locale\" content=\"en_GB\" \/>\n<meta property=\"og:type\" content=\"article\" \/>\n<meta property=\"og:title\" content=\"Reiterin - Antik - Rot-Schwarz (Jacke, Rock und Jabot) - Costumes Breuer\" \/>\n<meta property=\"og:description\" content=\"Reiterin \u2013 Antik \u2013 Rot-Schwarz, bestehend aus einer roten Jacke mit Spitzenbesatz und einem schwarzen Rock, sowie einem Jabot, wahlweise erweiterbar mit einer Bluse, einem geschm\u00fcckten Zylinder, Pompadure, Handschuhen und Schirm. (Paket 2)\" \/>\n<meta property=\"og:url\" content=\"https:\/\/www.kostuemebreuer.de\/english\/produkt\/reitkostuem-rot-schwarz\/\" \/>\n<meta property=\"og:site_name\" content=\"Costumes Breuer\" \/>\n<meta property=\"article:publisher\" content=\"https:\/\/www.facebook.com\/Kostuemebreuer\/?locale=de_DE\" \/>\n<meta property=\"article:modified_time\" content=\"2023-12-02T04:02:50+00:00\" \/>\n<meta property=\"og:image\" content=\"https:\/\/www.kostuemebreuer.de\/english\/wp-content\/uploads\/sites\/6\/Reitkostuemrotschw.jpg\" \/>\n\t<meta property=\"og:image:width\" content=\"540\" \/>\n\t<meta property=\"og:image:height\" content=\"960\" \/>\n\t<meta property=\"og:image:type\" content=\"image\/jpeg\" \/>\n<meta name=\"twitter:card\" content=\"summary_large_image\" \/>\n<script type=\"application\/ld+json\" class=\"yoast-schema-graph\">{\"@context\":\"https:\/\/schema.org\",\"@graph\":[{\"@type\":\"WebPage\",\"@id\":\"https:\/\/www.kostuemebreuer.de\/english\/produkt\/reitkostuem-rot-schwarz\/\",\"url\":\"https:\/\/www.kostuemebreuer.de\/english\/produkt\/reitkostuem-rot-schwarz\/\",\"name\":\"Reiterin - Antik - Rot-Schwarz (Jacke, Rock und Jabot) - Costumes Breuer\",\"isPartOf\":{\"@id\":\"https:\/\/www.kostuemebreuer.de\/english\/#website\"},\"primaryImageOfPage\":{\"@id\":\"https:\/\/www.kostuemebreuer.de\/english\/produkt\/reitkostuem-rot-schwarz\/#primaryimage\"},\"image\":{\"@id\":\"https:\/\/www.kostuemebreuer.de\/english\/produkt\/reitkostuem-rot-schwarz\/#primaryimage\"},\"thumbnailUrl\":\"https:\/\/www.kostuemebreuer.de\/english\/wp-content\/uploads\/sites\/6\/Reitkostuemrotschw.jpg\",\"datePublished\":\"2018-01-04T13:11:22+00:00\",\"dateModified\":\"2023-12-02T04:02:50+00:00\",\"description\":\"Reiterin \u2013 Antik \u2013 Rot-Schwarz, bestehend aus einer roten Jacke mit Spitzenbesatz und einem schwarzen Rock, sowie einem Jabot, wahlweise erweiterbar mit einer Bluse, einem geschm\u00fcckten Zylinder, Pompadure, Handschuhen und Schirm. (Paket 2)\",\"breadcrumb\":{\"@id\":\"https:\/\/www.kostuemebreuer.de\/english\/produkt\/reitkostuem-rot-schwarz\/#breadcrumb\"},\"inLanguage\":\"en-GB\",\"potentialAction\":[{\"@type\":\"ReadAction\",\"target\":[\"https:\/\/www.kostuemebreuer.de\/english\/produkt\/reitkostuem-rot-schwarz\/\"]}]},{\"@type\":\"ImageObject\",\"inLanguage\":\"en-GB\",\"@id\":\"https:\/\/www.kostuemebreuer.de\/english\/produkt\/reitkostuem-rot-schwarz\/#primaryimage\",\"url\":\"https:\/\/www.kostuemebreuer.de\/english\/wp-content\/uploads\/sites\/6\/Reitkostuemrotschw.jpg\",\"contentUrl\":\"https:\/\/www.kostuemebreuer.de\/english\/wp-content\/uploads\/sites\/6\/Reitkostuemrotschw.jpg\",\"width\":540,\"height\":960},{\"@type\":\"BreadcrumbList\",\"@id\":\"https:\/\/www.kostuemebreuer.de\/english\/produkt\/reitkostuem-rot-schwarz\/#breadcrumb\",\"itemListElement\":[{\"@type\":\"ListItem\",\"position\":1,\"name\":\"Startseite\",\"item\":\"https:\/\/www.kostuemebreuer.de\/english\/\"},{\"@type\":\"ListItem\",\"position\":2,\"name\":\"Kost\u00fcme\",\"item\":\"https:\/\/www.kostuemebreuer.de\/english\/kostueme\/\"},{\"@type\":\"ListItem\",\"position\":3,\"name\":\"Reiterin &#8211; Antik &#8211; Rot-Schwarz (Jacke, Rock und Jabot)\"}]},{\"@type\":\"WebSite\",\"@id\":\"https:\/\/www.kostuemebreuer.de\/english\/#website\",\"url\":\"https:\/\/www.kostuemebreuer.de\/english\/\",\"name\":\"Kost\u00fcme Breuer in M\u00fcnchen\",\"description\":\"Kost\u00fcmverleih\",\"publisher\":{\"@id\":\"https:\/\/www.kostuemebreuer.de\/english\/#organization\"},\"alternateName\":\"Kost\u00fcmverleih Breuer\",\"potentialAction\":[{\"@type\":\"SearchAction\",\"target\":{\"@type\":\"EntryPoint\",\"urlTemplate\":\"https:\/\/www.kostuemebreuer.de\/english\/?s={search_term_string}\"},\"query-input\":{\"@type\":\"PropertyValueSpecification\",\"valueRequired\":true,\"valueName\":\"search_term_string\"}}],\"inLanguage\":\"en-GB\"},{\"@type\":\"Organization\",\"@id\":\"https:\/\/www.kostuemebreuer.de\/english\/#organization\",\"name\":\"Kost\u00fcme Breuer in M\u00fcnchen\",\"url\":\"https:\/\/www.kostuemebreuer.de\/english\/\",\"logo\":{\"@type\":\"ImageObject\",\"inLanguage\":\"en-GB\",\"@id\":\"https:\/\/www.kostuemebreuer.de\/english\/#\/schema\/logo\/image\/\",\"url\":\"https:\/\/www.kostuemebreuer.de\/english\/wp-content\/uploads\/sites\/6\/logo.svg\",\"contentUrl\":\"https:\/\/www.kostuemebreuer.de\/english\/wp-content\/uploads\/sites\/6\/logo.svg\",\"caption\":\"Kost\u00fcme Breuer in M\u00fcnchen\"},\"image\":{\"@id\":\"https:\/\/www.kostuemebreuer.de\/english\/#\/schema\/logo\/image\/\"},\"sameAs\":[\"https:\/\/www.facebook.com\/Kostuemebreuer\/?locale=de_DE\",\"https:\/\/www.instagram.com\/kostuemebreuer\/\"]}]}<\/script>\n<!-- \/ Yoast SEO plugin. -->","yoast_head_json":{"title":"Reiterin - Antik - Rot-Schwarz (Jacke, Rock und Jabot) - Costumes Breuer","description":"Reiterin \u2013 Antik \u2013 Rot-Schwarz, bestehend aus einer roten Jacke mit Spitzenbesatz und einem schwarzen Rock, sowie einem Jabot, wahlweise erweiterbar mit einer Bluse, einem geschm\u00fcckten Zylinder, Pompadure, Handschuhen und Schirm. (Paket 2)","robots":{"index":"index","follow":"follow","max-snippet":"max-snippet:-1","max-image-preview":"max-image-preview:large","max-video-preview":"max-video-preview:-1"},"canonical":"https:\/\/www.kostuemebreuer.de\/english\/produkt\/reitkostuem-rot-schwarz\/","og_locale":"en_GB","og_type":"article","og_title":"Reiterin - Antik - Rot-Schwarz (Jacke, Rock und Jabot) - Costumes Breuer","og_description":"Reiterin \u2013 Antik \u2013 Rot-Schwarz, bestehend aus einer roten Jacke mit Spitzenbesatz und einem schwarzen Rock, sowie einem Jabot, wahlweise erweiterbar mit einer Bluse, einem geschm\u00fcckten Zylinder, Pompadure, Handschuhen und Schirm. (Paket 2)","og_url":"https:\/\/www.kostuemebreuer.de\/english\/produkt\/reitkostuem-rot-schwarz\/","og_site_name":"Costumes Breuer","article_publisher":"https:\/\/www.facebook.com\/Kostuemebreuer\/?locale=de_DE","article_modified_time":"2023-12-02T04:02:50+00:00","og_image":[{"width":540,"height":960,"url":"https:\/\/www.kostuemebreuer.de\/english\/wp-content\/uploads\/sites\/6\/Reitkostuemrotschw.jpg","type":"image\/jpeg"}],"twitter_card":"summary_large_image","schema":{"@context":"https:\/\/schema.org","@graph":[{"@type":"WebPage","@id":"https:\/\/www.kostuemebreuer.de\/english\/produkt\/reitkostuem-rot-schwarz\/","url":"https:\/\/www.kostuemebreuer.de\/english\/produkt\/reitkostuem-rot-schwarz\/","name":"Reiterin - Antik - Rot-Schwarz (Jacke, Rock und Jabot) - Costumes Breuer","isPartOf":{"@id":"https:\/\/www.kostuemebreuer.de\/english\/#website"},"primaryImageOfPage":{"@id":"https:\/\/www.kostuemebreuer.de\/english\/produkt\/reitkostuem-rot-schwarz\/#primaryimage"},"image":{"@id":"https:\/\/www.kostuemebreuer.de\/english\/produkt\/reitkostuem-rot-schwarz\/#primaryimage"},"thumbnailUrl":"https:\/\/www.kostuemebreuer.de\/english\/wp-content\/uploads\/sites\/6\/Reitkostuemrotschw.jpg","datePublished":"2018-01-04T13:11:22+00:00","dateModified":"2023-12-02T04:02:50+00:00","description":"Reiterin \u2013 Antik \u2013 Rot-Schwarz, bestehend aus einer roten Jacke mit Spitzenbesatz und einem schwarzen Rock, sowie einem Jabot, wahlweise erweiterbar mit einer Bluse, einem geschm\u00fcckten Zylinder, Pompadure, Handschuhen und Schirm. (Paket 2)","breadcrumb":{"@id":"https:\/\/www.kostuemebreuer.de\/english\/produkt\/reitkostuem-rot-schwarz\/#breadcrumb"},"inLanguage":"en-GB","potentialAction":[{"@type":"ReadAction","target":["https:\/\/www.kostuemebreuer.de\/english\/produkt\/reitkostuem-rot-schwarz\/"]}]},{"@type":"ImageObject","inLanguage":"en-GB","@id":"https:\/\/www.kostuemebreuer.de\/english\/produkt\/reitkostuem-rot-schwarz\/#primaryimage","url":"https:\/\/www.kostuemebreuer.de\/english\/wp-content\/uploads\/sites\/6\/Reitkostuemrotschw.jpg","contentUrl":"https:\/\/www.kostuemebreuer.de\/english\/wp-content\/uploads\/sites\/6\/Reitkostuemrotschw.jpg","width":540,"height":960},{"@type":"BreadcrumbList","@id":"https:\/\/www.kostuemebreuer.de\/english\/produkt\/reitkostuem-rot-schwarz\/#breadcrumb","itemListElement":[{"@type":"ListItem","position":1,"name":"Startseite","item":"https:\/\/www.kostuemebreuer.de\/english\/"},{"@type":"ListItem","position":2,"name":"Kost\u00fcme","item":"https:\/\/www.kostuemebreuer.de\/english\/kostueme\/"},{"@type":"ListItem","position":3,"name":"Reiterin &#8211; Antik &#8211; Rot-Schwarz (Jacke, Rock und Jabot)"}]},{"@type":"WebSite","@id":"https:\/\/www.kostuemebreuer.de\/english\/#website","url":"https:\/\/www.kostuemebreuer.de\/english\/","name":"Kost\u00fcme Breuer in M\u00fcnchen","description":"Kost\u00fcmverleih","publisher":{"@id":"https:\/\/www.kostuemebreuer.de\/english\/#organization"},"alternateName":"Kost\u00fcmverleih Breuer","potentialAction":[{"@type":"SearchAction","target":{"@type":"EntryPoint","urlTemplate":"https:\/\/www.kostuemebreuer.de\/english\/?s={search_term_string}"},"query-input":{"@type":"PropertyValueSpecification","valueRequired":true,"valueName":"search_term_string"}}],"inLanguage":"en-GB"},{"@type":"Organization","@id":"https:\/\/www.kostuemebreuer.de\/english\/#organization","name":"Kost\u00fcme Breuer in M\u00fcnchen","url":"https:\/\/www.kostuemebreuer.de\/english\/","logo":{"@type":"ImageObject","inLanguage":"en-GB","@id":"https:\/\/www.kostuemebreuer.de\/english\/#\/schema\/logo\/image\/","url":"https:\/\/www.kostuemebreuer.de\/english\/wp-content\/uploads\/sites\/6\/logo.svg","contentUrl":"https:\/\/www.kostuemebreuer.de\/english\/wp-content\/uploads\/sites\/6\/logo.svg","caption":"Kost\u00fcme Breuer in M\u00fcnchen"},"image":{"@id":"https:\/\/www.kostuemebreuer.de\/english\/#\/schema\/logo\/image\/"},"sameAs":["https:\/\/www.facebook.com\/Kostuemebreuer\/?locale=de_DE","https:\/\/www.instagram.com\/kostuemebreuer\/"]}]}},"acf":[],"_links":{"self":[{"href":"https:\/\/www.kostuemebreuer.de\/english\/wp-json\/wp\/v2\/product\/17069","targetHints":{"allow":["GET"]}}],"collection":[{"href":"https:\/\/www.kostuemebreuer.de\/english\/wp-json\/wp\/v2\/product"}],"about":[{"href":"https:\/\/www.kostuemebreuer.de\/english\/wp-json\/wp\/v2\/types\/product"}],"wp:featuredmedia":[{"embeddable":true,"href":"https:\/\/www.kostuemebreuer.de\/english\/wp-json\/wp\/v2\/media\/17070"}],"wp:attachment":[{"href":"https:\/\/www.kostuemebreuer.de\/english\/wp-json\/wp\/v2\/media?parent=17069"}],"wp:term":[{"taxonomy":"product_brand","embeddable":true,"href":"https:\/\/www.kostuemebreuer.de\/english\/wp-json\/wp\/v2\/product_brand?post=17069"},{"taxonomy":"product_cat","embeddable":true,"href":"https:\/\/www.kostuemebreuer.de\/english\/wp-json\/wp\/v2\/product_cat?post=17069"},{"taxonomy":"product_tag","embeddable":true,"href":"https:\/\/www.kostuemebreuer.de\/english\/wp-json\/wp\/v2\/product_tag?post=17069"}],"curies":[{"name":"wp","href":"https:\/\/api.w.org\/{rel}","templated":true}]}}