{"id":16256,"date":"2017-05-23T15:33:47","date_gmt":"2017-05-23T13:33:47","guid":{"rendered":"https:\/\/www.kostuemverleih.com\/?post_type=product&#038;p=16256"},"modified":"2023-12-02T06:02:25","modified_gmt":"2023-12-02T04:02:25","slug":"jahrhundertwende-kleid-weinrot","status":"publish","type":"product","link":"https:\/\/www.kostuemebreuer.de\/english\/produkt\/jahrhundertwende-kleid-weinrot\/","title":{"rendered":"Jahrhundertwende Outfit \u2013 Damen \u2013 Weinrot-Wei\u00df (Kleid, H\u00fctchen, Handschuhe, Pompadure, Kette, Armband und Schirm)"},"content":{"rendered":"<p>Jahrhundertwende Outfit \u2013 Damen \u2013 Weinrot-Wei\u00df, bestehend aus einem weinrot-wei\u00dfen Kleid, einem H\u00fctchen, Handschuhen, Pompadure, Kette, Armband und einem Schirm.<\/p>\n","protected":false},"excerpt":{"rendered":"<p>Jahrhundertwende Outfit \u2013 Damen \u2013 Weinrot-Wei\u00df, bestehend aus einem weinrot-wei\u00dfen Kleid, einem H\u00fctchen, Handschuhen, Pompadure, Kette, Armband und einem Schirm.<\/p>\n","protected":false},"featured_media":16262,"template":"","meta":{"_acf_changed":false},"product_brand":[],"product_cat":[251,252,125,29],"product_tag":[118,63,83],"class_list":{"0":"post-16256","1":"product","2":"type-product","3":"status-publish","4":"has-post-thumbnail","6":"product_cat-historisch","7":"product_cat-historisch-fasching","8":"product_cat-kleider","9":"product_cat-kostueme","10":"product_tag-jahrhundertwende","11":"product_tag-rot","12":"product_tag-weiss","13":"product_shipping_class-versandklasse-2","14":"infinite-scroll-item","16":"first","17":"instock","18":"taxable","19":"shipping-taxable","20":"purchasable","21":"product-type-simple"},"yoast_head":"<!-- This site is optimized with the Yoast SEO plugin v27.2 - https:\/\/yoast.com\/product\/yoast-seo-wordpress\/ -->\n<title>Jahrhundertwende Outfit \u2013 Damen \u2013 Weinrot-Wei\u00df (Kleid, H\u00fctchen, Handschuhe, Pompadure, Kette, Armband und Schirm) - Costumes Breuer<\/title>\n<meta name=\"description\" content=\"Jahrhundertwende Outfit \u2013 Damen \u2013 Weinrot-Wei\u00df, bestehend aus einem weinrot-wei\u00dfen Kleid, einem H\u00fctchen, Handschuhen, Pompadure, Kette, Armband und einem Schirm.\" \/>\n<meta name=\"robots\" content=\"index, follow, max-snippet:-1, max-image-preview:large, max-video-preview:-1\" \/>\n<link rel=\"canonical\" href=\"https:\/\/www.kostuemebreuer.de\/english\/produkt\/jahrhundertwende-kleid-weinrot\/\" \/>\n<meta property=\"og:locale\" content=\"en_GB\" \/>\n<meta property=\"og:type\" content=\"article\" \/>\n<meta property=\"og:title\" content=\"Jahrhundertwende Outfit \u2013 Damen \u2013 Weinrot-Wei\u00df (Kleid, H\u00fctchen, Handschuhe, Pompadure, Kette, Armband und Schirm) - Costumes Breuer\" \/>\n<meta property=\"og:description\" content=\"Jahrhundertwende Outfit \u2013 Damen \u2013 Weinrot-Wei\u00df, bestehend aus einem weinrot-wei\u00dfen Kleid, einem H\u00fctchen, Handschuhen, Pompadure, Kette, Armband und einem Schirm.\" \/>\n<meta property=\"og:url\" content=\"https:\/\/www.kostuemebreuer.de\/english\/produkt\/jahrhundertwende-kleid-weinrot\/\" \/>\n<meta property=\"og:site_name\" content=\"Costumes Breuer\" \/>\n<meta property=\"article:publisher\" content=\"https:\/\/www.facebook.com\/Kostuemebreuer\/?locale=de_DE\" \/>\n<meta property=\"article:modified_time\" content=\"2023-12-02T04:02:25+00:00\" \/>\n<meta property=\"og:image\" content=\"https:\/\/www.kostuemebreuer.de\/english\/wp-content\/uploads\/sites\/6\/JW-Kleid-weinrot-Pompadur.jpg\" \/>\n\t<meta property=\"og:image:width\" content=\"540\" \/>\n\t<meta property=\"og:image:height\" content=\"960\" \/>\n\t<meta property=\"og:image:type\" content=\"image\/jpeg\" \/>\n<meta name=\"twitter:card\" content=\"summary_large_image\" \/>\n<script type=\"application\/ld+json\" class=\"yoast-schema-graph\">{\"@context\":\"https:\/\/schema.org\",\"@graph\":[{\"@type\":\"WebPage\",\"@id\":\"https:\/\/www.kostuemebreuer.de\/english\/produkt\/jahrhundertwende-kleid-weinrot\/\",\"url\":\"https:\/\/www.kostuemebreuer.de\/english\/produkt\/jahrhundertwende-kleid-weinrot\/\",\"name\":\"Jahrhundertwende Outfit \u2013 Damen \u2013 Weinrot-Wei\u00df (Kleid, H\u00fctchen, Handschuhe, Pompadure, Kette, Armband und Schirm) - Costumes Breuer\",\"isPartOf\":{\"@id\":\"https:\/\/www.kostuemebreuer.de\/english\/#website\"},\"primaryImageOfPage\":{\"@id\":\"https:\/\/www.kostuemebreuer.de\/english\/produkt\/jahrhundertwende-kleid-weinrot\/#primaryimage\"},\"image\":{\"@id\":\"https:\/\/www.kostuemebreuer.de\/english\/produkt\/jahrhundertwende-kleid-weinrot\/#primaryimage\"},\"thumbnailUrl\":\"https:\/\/www.kostuemebreuer.de\/english\/wp-content\/uploads\/sites\/6\/JW-Kleid-weinrot-Pompadur.jpg\",\"datePublished\":\"2017-05-23T13:33:47+00:00\",\"dateModified\":\"2023-12-02T04:02:25+00:00\",\"description\":\"Jahrhundertwende Outfit \u2013 Damen \u2013 Weinrot-Wei\u00df, bestehend aus einem weinrot-wei\u00dfen Kleid, einem H\u00fctchen, Handschuhen, Pompadure, Kette, Armband und einem Schirm.\",\"breadcrumb\":{\"@id\":\"https:\/\/www.kostuemebreuer.de\/english\/produkt\/jahrhundertwende-kleid-weinrot\/#breadcrumb\"},\"inLanguage\":\"en-GB\",\"potentialAction\":[{\"@type\":\"ReadAction\",\"target\":[\"https:\/\/www.kostuemebreuer.de\/english\/produkt\/jahrhundertwende-kleid-weinrot\/\"]}]},{\"@type\":\"ImageObject\",\"inLanguage\":\"en-GB\",\"@id\":\"https:\/\/www.kostuemebreuer.de\/english\/produkt\/jahrhundertwende-kleid-weinrot\/#primaryimage\",\"url\":\"https:\/\/www.kostuemebreuer.de\/english\/wp-content\/uploads\/sites\/6\/JW-Kleid-weinrot-Pompadur.jpg\",\"contentUrl\":\"https:\/\/www.kostuemebreuer.de\/english\/wp-content\/uploads\/sites\/6\/JW-Kleid-weinrot-Pompadur.jpg\",\"width\":540,\"height\":960},{\"@type\":\"BreadcrumbList\",\"@id\":\"https:\/\/www.kostuemebreuer.de\/english\/produkt\/jahrhundertwende-kleid-weinrot\/#breadcrumb\",\"itemListElement\":[{\"@type\":\"ListItem\",\"position\":1,\"name\":\"Startseite\",\"item\":\"https:\/\/www.kostuemebreuer.de\/english\/\"},{\"@type\":\"ListItem\",\"position\":2,\"name\":\"Kost\u00fcme\",\"item\":\"https:\/\/www.kostuemebreuer.de\/english\/kostueme\/\"},{\"@type\":\"ListItem\",\"position\":3,\"name\":\"Jahrhundertwende Outfit \u2013 Damen \u2013 Weinrot-Wei\u00df (Kleid, H\u00fctchen, Handschuhe, Pompadure, Kette, Armband und Schirm)\"}]},{\"@type\":\"WebSite\",\"@id\":\"https:\/\/www.kostuemebreuer.de\/english\/#website\",\"url\":\"https:\/\/www.kostuemebreuer.de\/english\/\",\"name\":\"Kost\u00fcme Breuer in M\u00fcnchen\",\"description\":\"Kost\u00fcmverleih\",\"publisher\":{\"@id\":\"https:\/\/www.kostuemebreuer.de\/english\/#organization\"},\"alternateName\":\"Kost\u00fcmverleih Breuer\",\"potentialAction\":[{\"@type\":\"SearchAction\",\"target\":{\"@type\":\"EntryPoint\",\"urlTemplate\":\"https:\/\/www.kostuemebreuer.de\/english\/?s={search_term_string}\"},\"query-input\":{\"@type\":\"PropertyValueSpecification\",\"valueRequired\":true,\"valueName\":\"search_term_string\"}}],\"inLanguage\":\"en-GB\"},{\"@type\":\"Organization\",\"@id\":\"https:\/\/www.kostuemebreuer.de\/english\/#organization\",\"name\":\"Kost\u00fcme Breuer in M\u00fcnchen\",\"url\":\"https:\/\/www.kostuemebreuer.de\/english\/\",\"logo\":{\"@type\":\"ImageObject\",\"inLanguage\":\"en-GB\",\"@id\":\"https:\/\/www.kostuemebreuer.de\/english\/#\/schema\/logo\/image\/\",\"url\":\"https:\/\/www.kostuemebreuer.de\/english\/wp-content\/uploads\/sites\/6\/logo.svg\",\"contentUrl\":\"https:\/\/www.kostuemebreuer.de\/english\/wp-content\/uploads\/sites\/6\/logo.svg\",\"caption\":\"Kost\u00fcme Breuer in M\u00fcnchen\"},\"image\":{\"@id\":\"https:\/\/www.kostuemebreuer.de\/english\/#\/schema\/logo\/image\/\"},\"sameAs\":[\"https:\/\/www.facebook.com\/Kostuemebreuer\/?locale=de_DE\",\"https:\/\/www.instagram.com\/kostuemebreuer\/\"]}]}<\/script>\n<!-- \/ Yoast SEO plugin. -->","yoast_head_json":{"title":"Jahrhundertwende Outfit \u2013 Damen \u2013 Weinrot-Wei\u00df (Kleid, H\u00fctchen, Handschuhe, Pompadure, Kette, Armband und Schirm) - Costumes Breuer","description":"Jahrhundertwende Outfit \u2013 Damen \u2013 Weinrot-Wei\u00df, bestehend aus einem weinrot-wei\u00dfen Kleid, einem H\u00fctchen, Handschuhen, Pompadure, Kette, Armband und einem Schirm.","robots":{"index":"index","follow":"follow","max-snippet":"max-snippet:-1","max-image-preview":"max-image-preview:large","max-video-preview":"max-video-preview:-1"},"canonical":"https:\/\/www.kostuemebreuer.de\/english\/produkt\/jahrhundertwende-kleid-weinrot\/","og_locale":"en_GB","og_type":"article","og_title":"Jahrhundertwende Outfit \u2013 Damen \u2013 Weinrot-Wei\u00df (Kleid, H\u00fctchen, Handschuhe, Pompadure, Kette, Armband und Schirm) - Costumes Breuer","og_description":"Jahrhundertwende Outfit \u2013 Damen \u2013 Weinrot-Wei\u00df, bestehend aus einem weinrot-wei\u00dfen Kleid, einem H\u00fctchen, Handschuhen, Pompadure, Kette, Armband und einem Schirm.","og_url":"https:\/\/www.kostuemebreuer.de\/english\/produkt\/jahrhundertwende-kleid-weinrot\/","og_site_name":"Costumes Breuer","article_publisher":"https:\/\/www.facebook.com\/Kostuemebreuer\/?locale=de_DE","article_modified_time":"2023-12-02T04:02:25+00:00","og_image":[{"width":540,"height":960,"url":"https:\/\/www.kostuemebreuer.de\/english\/wp-content\/uploads\/sites\/6\/JW-Kleid-weinrot-Pompadur.jpg","type":"image\/jpeg"}],"twitter_card":"summary_large_image","schema":{"@context":"https:\/\/schema.org","@graph":[{"@type":"WebPage","@id":"https:\/\/www.kostuemebreuer.de\/english\/produkt\/jahrhundertwende-kleid-weinrot\/","url":"https:\/\/www.kostuemebreuer.de\/english\/produkt\/jahrhundertwende-kleid-weinrot\/","name":"Jahrhundertwende Outfit \u2013 Damen \u2013 Weinrot-Wei\u00df (Kleid, H\u00fctchen, Handschuhe, Pompadure, Kette, Armband und Schirm) - Costumes Breuer","isPartOf":{"@id":"https:\/\/www.kostuemebreuer.de\/english\/#website"},"primaryImageOfPage":{"@id":"https:\/\/www.kostuemebreuer.de\/english\/produkt\/jahrhundertwende-kleid-weinrot\/#primaryimage"},"image":{"@id":"https:\/\/www.kostuemebreuer.de\/english\/produkt\/jahrhundertwende-kleid-weinrot\/#primaryimage"},"thumbnailUrl":"https:\/\/www.kostuemebreuer.de\/english\/wp-content\/uploads\/sites\/6\/JW-Kleid-weinrot-Pompadur.jpg","datePublished":"2017-05-23T13:33:47+00:00","dateModified":"2023-12-02T04:02:25+00:00","description":"Jahrhundertwende Outfit \u2013 Damen \u2013 Weinrot-Wei\u00df, bestehend aus einem weinrot-wei\u00dfen Kleid, einem H\u00fctchen, Handschuhen, Pompadure, Kette, Armband und einem Schirm.","breadcrumb":{"@id":"https:\/\/www.kostuemebreuer.de\/english\/produkt\/jahrhundertwende-kleid-weinrot\/#breadcrumb"},"inLanguage":"en-GB","potentialAction":[{"@type":"ReadAction","target":["https:\/\/www.kostuemebreuer.de\/english\/produkt\/jahrhundertwende-kleid-weinrot\/"]}]},{"@type":"ImageObject","inLanguage":"en-GB","@id":"https:\/\/www.kostuemebreuer.de\/english\/produkt\/jahrhundertwende-kleid-weinrot\/#primaryimage","url":"https:\/\/www.kostuemebreuer.de\/english\/wp-content\/uploads\/sites\/6\/JW-Kleid-weinrot-Pompadur.jpg","contentUrl":"https:\/\/www.kostuemebreuer.de\/english\/wp-content\/uploads\/sites\/6\/JW-Kleid-weinrot-Pompadur.jpg","width":540,"height":960},{"@type":"BreadcrumbList","@id":"https:\/\/www.kostuemebreuer.de\/english\/produkt\/jahrhundertwende-kleid-weinrot\/#breadcrumb","itemListElement":[{"@type":"ListItem","position":1,"name":"Startseite","item":"https:\/\/www.kostuemebreuer.de\/english\/"},{"@type":"ListItem","position":2,"name":"Kost\u00fcme","item":"https:\/\/www.kostuemebreuer.de\/english\/kostueme\/"},{"@type":"ListItem","position":3,"name":"Jahrhundertwende Outfit \u2013 Damen \u2013 Weinrot-Wei\u00df (Kleid, H\u00fctchen, Handschuhe, Pompadure, Kette, Armband und Schirm)"}]},{"@type":"WebSite","@id":"https:\/\/www.kostuemebreuer.de\/english\/#website","url":"https:\/\/www.kostuemebreuer.de\/english\/","name":"Kost\u00fcme Breuer in M\u00fcnchen","description":"Kost\u00fcmverleih","publisher":{"@id":"https:\/\/www.kostuemebreuer.de\/english\/#organization"},"alternateName":"Kost\u00fcmverleih Breuer","potentialAction":[{"@type":"SearchAction","target":{"@type":"EntryPoint","urlTemplate":"https:\/\/www.kostuemebreuer.de\/english\/?s={search_term_string}"},"query-input":{"@type":"PropertyValueSpecification","valueRequired":true,"valueName":"search_term_string"}}],"inLanguage":"en-GB"},{"@type":"Organization","@id":"https:\/\/www.kostuemebreuer.de\/english\/#organization","name":"Kost\u00fcme Breuer in M\u00fcnchen","url":"https:\/\/www.kostuemebreuer.de\/english\/","logo":{"@type":"ImageObject","inLanguage":"en-GB","@id":"https:\/\/www.kostuemebreuer.de\/english\/#\/schema\/logo\/image\/","url":"https:\/\/www.kostuemebreuer.de\/english\/wp-content\/uploads\/sites\/6\/logo.svg","contentUrl":"https:\/\/www.kostuemebreuer.de\/english\/wp-content\/uploads\/sites\/6\/logo.svg","caption":"Kost\u00fcme Breuer in M\u00fcnchen"},"image":{"@id":"https:\/\/www.kostuemebreuer.de\/english\/#\/schema\/logo\/image\/"},"sameAs":["https:\/\/www.facebook.com\/Kostuemebreuer\/?locale=de_DE","https:\/\/www.instagram.com\/kostuemebreuer\/"]}]}},"acf":[],"_links":{"self":[{"href":"https:\/\/www.kostuemebreuer.de\/english\/wp-json\/wp\/v2\/product\/16256","targetHints":{"allow":["GET"]}}],"collection":[{"href":"https:\/\/www.kostuemebreuer.de\/english\/wp-json\/wp\/v2\/product"}],"about":[{"href":"https:\/\/www.kostuemebreuer.de\/english\/wp-json\/wp\/v2\/types\/product"}],"wp:featuredmedia":[{"embeddable":true,"href":"https:\/\/www.kostuemebreuer.de\/english\/wp-json\/wp\/v2\/media\/16262"}],"wp:attachment":[{"href":"https:\/\/www.kostuemebreuer.de\/english\/wp-json\/wp\/v2\/media?parent=16256"}],"wp:term":[{"taxonomy":"product_brand","embeddable":true,"href":"https:\/\/www.kostuemebreuer.de\/english\/wp-json\/wp\/v2\/product_brand?post=16256"},{"taxonomy":"product_cat","embeddable":true,"href":"https:\/\/www.kostuemebreuer.de\/english\/wp-json\/wp\/v2\/product_cat?post=16256"},{"taxonomy":"product_tag","embeddable":true,"href":"https:\/\/www.kostuemebreuer.de\/english\/wp-json\/wp\/v2\/product_tag?post=16256"}],"curies":[{"name":"wp","href":"https:\/\/api.w.org\/{rel}","templated":true}]}}