{"id":13872,"date":"2016-08-03T11:49:59","date_gmt":"2016-08-03T09:49:59","guid":{"rendered":"https:\/\/www.kostuemverleih.com\/?post_type=product&#038;p=13872"},"modified":"2023-12-02T06:01:54","modified_gmt":"2023-12-02T04:01:54","slug":"mittelaltergewand-mit-lederweste","status":"publish","type":"product","link":"https:\/\/www.kostuemebreuer.de\/english\/produkt\/mittelaltergewand-mit-lederweste\/","title":{"rendered":"Mittelalter Outfit (Lederweste und Hut)"},"content":{"rendered":"<p>Mittelalter Outfit (Robin Hood) f\u00fcr Herren, bestehend aus einer Lederweste und einem Hut, wahlweise erweiterbar mit Hemd und Lederg\u00fcrtel (Paket 2), sowie Kniebundhose, Kniestr\u00fcmpfe und Haferlschuhe. (Paket 3)<\/p>\n<p>Die Tasche kann separat dazu gebucht werden.<\/p>\n<p>&nbsp;<\/p>\n","protected":false},"excerpt":{"rendered":"<p>Mittelalter Outfit (Robin Hood) f\u00fcr Herren, bestehend aus einer Lederweste und einem Hut, wahlweise erweiterbar mit <strong>Hemd und Lederg\u00fcrtel<\/strong> (Paket 2), sowie <strong>Kniebundhose, Kniestr\u00fcmpfe und Haferlschuhe<\/strong>. (Paket 3)<\/p>\n<p>Die Tasche kann separat dazu gebucht werden.<\/p>\n","protected":false},"featured_media":20570,"template":"","meta":{"_acf_changed":false},"product_brand":[],"product_cat":[29],"product_tag":[47,170],"class_list":{"0":"post-13872","1":"product","2":"type-product","3":"status-publish","4":"has-post-thumbnail","6":"product_cat-kostueme","7":"product_tag-braun","8":"product_tag-mittelalter","9":"product_shipping_class-versandklasse-2","10":"infinite-scroll-item","12":"first","13":"instock","14":"taxable","15":"shipping-taxable","16":"purchasable","17":"product-type-simple"},"yoast_head":"<!-- This site is optimized with the Yoast SEO plugin v27.2 - https:\/\/yoast.com\/product\/yoast-seo-wordpress\/ -->\n<title>Mittelalter Outfit (Lederweste und Hut) - Costumes Breuer<\/title>\n<meta name=\"description\" content=\"Mittelalter Outfit (Robin Hood) f\u00fcr Herren, bestehend aus einer Lederweste und einem Hut, wahlweise erweiterbar mit Hemd und Lederg\u00fcrtel (Paket 2), sowie Kniebundhose, Kniestr\u00fcmpfe und Haferlschuhe. (Paket 3) Die Tasche kann separat dazu gebucht werden.\" \/>\n<meta name=\"robots\" content=\"index, follow, max-snippet:-1, max-image-preview:large, max-video-preview:-1\" \/>\n<link rel=\"canonical\" href=\"https:\/\/www.kostuemebreuer.de\/english\/produkt\/mittelaltergewand-mit-lederweste\/\" \/>\n<meta property=\"og:locale\" content=\"en_GB\" \/>\n<meta property=\"og:type\" content=\"article\" \/>\n<meta property=\"og:title\" content=\"Mittelalter Outfit (Lederweste und Hut) - Costumes Breuer\" \/>\n<meta property=\"og:description\" content=\"Mittelalter Outfit (Robin Hood) f\u00fcr Herren, bestehend aus einer Lederweste und einem Hut, wahlweise erweiterbar mit Hemd und Lederg\u00fcrtel (Paket 2), sowie Kniebundhose, Kniestr\u00fcmpfe und Haferlschuhe. (Paket 3) Die Tasche kann separat dazu gebucht werden.\" \/>\n<meta property=\"og:url\" content=\"https:\/\/www.kostuemebreuer.de\/english\/produkt\/mittelaltergewand-mit-lederweste\/\" \/>\n<meta property=\"og:site_name\" content=\"Costumes Breuer\" \/>\n<meta property=\"article:publisher\" content=\"https:\/\/www.facebook.com\/Kostuemebreuer\/?locale=de_DE\" \/>\n<meta property=\"article:modified_time\" content=\"2023-12-02T04:01:54+00:00\" \/>\n<meta property=\"og:image\" content=\"https:\/\/www.kostuemebreuer.de\/english\/wp-content\/uploads\/sites\/6\/Mittelalter-Gewand-mit-Weste.jpg\" \/>\n\t<meta property=\"og:image:width\" content=\"540\" \/>\n\t<meta property=\"og:image:height\" content=\"960\" \/>\n\t<meta property=\"og:image:type\" content=\"image\/jpeg\" \/>\n<meta name=\"twitter:card\" content=\"summary_large_image\" \/>\n<script type=\"application\/ld+json\" class=\"yoast-schema-graph\">{\"@context\":\"https:\/\/schema.org\",\"@graph\":[{\"@type\":\"WebPage\",\"@id\":\"https:\/\/www.kostuemebreuer.de\/english\/produkt\/mittelaltergewand-mit-lederweste\/\",\"url\":\"https:\/\/www.kostuemebreuer.de\/english\/produkt\/mittelaltergewand-mit-lederweste\/\",\"name\":\"Mittelalter Outfit (Lederweste und Hut) - Costumes Breuer\",\"isPartOf\":{\"@id\":\"https:\/\/www.kostuemebreuer.de\/english\/#website\"},\"primaryImageOfPage\":{\"@id\":\"https:\/\/www.kostuemebreuer.de\/english\/produkt\/mittelaltergewand-mit-lederweste\/#primaryimage\"},\"image\":{\"@id\":\"https:\/\/www.kostuemebreuer.de\/english\/produkt\/mittelaltergewand-mit-lederweste\/#primaryimage\"},\"thumbnailUrl\":\"https:\/\/www.kostuemebreuer.de\/english\/wp-content\/uploads\/sites\/6\/Mittelalter-Gewand-mit-Weste.jpg\",\"datePublished\":\"2016-08-03T09:49:59+00:00\",\"dateModified\":\"2023-12-02T04:01:54+00:00\",\"description\":\"Mittelalter Outfit (Robin Hood) f\u00fcr Herren, bestehend aus einer Lederweste und einem Hut, wahlweise erweiterbar mit Hemd und Lederg\u00fcrtel (Paket 2), sowie Kniebundhose, Kniestr\u00fcmpfe und Haferlschuhe. (Paket 3) Die Tasche kann separat dazu gebucht werden.\",\"breadcrumb\":{\"@id\":\"https:\/\/www.kostuemebreuer.de\/english\/produkt\/mittelaltergewand-mit-lederweste\/#breadcrumb\"},\"inLanguage\":\"en-GB\",\"potentialAction\":[{\"@type\":\"ReadAction\",\"target\":[\"https:\/\/www.kostuemebreuer.de\/english\/produkt\/mittelaltergewand-mit-lederweste\/\"]}]},{\"@type\":\"ImageObject\",\"inLanguage\":\"en-GB\",\"@id\":\"https:\/\/www.kostuemebreuer.de\/english\/produkt\/mittelaltergewand-mit-lederweste\/#primaryimage\",\"url\":\"https:\/\/www.kostuemebreuer.de\/english\/wp-content\/uploads\/sites\/6\/Mittelalter-Gewand-mit-Weste.jpg\",\"contentUrl\":\"https:\/\/www.kostuemebreuer.de\/english\/wp-content\/uploads\/sites\/6\/Mittelalter-Gewand-mit-Weste.jpg\",\"width\":540,\"height\":960},{\"@type\":\"BreadcrumbList\",\"@id\":\"https:\/\/www.kostuemebreuer.de\/english\/produkt\/mittelaltergewand-mit-lederweste\/#breadcrumb\",\"itemListElement\":[{\"@type\":\"ListItem\",\"position\":1,\"name\":\"Startseite\",\"item\":\"https:\/\/www.kostuemebreuer.de\/english\/\"},{\"@type\":\"ListItem\",\"position\":2,\"name\":\"Kost\u00fcme\",\"item\":\"https:\/\/www.kostuemebreuer.de\/english\/kostueme\/\"},{\"@type\":\"ListItem\",\"position\":3,\"name\":\"Mittelalter Outfit (Lederweste und Hut)\"}]},{\"@type\":\"WebSite\",\"@id\":\"https:\/\/www.kostuemebreuer.de\/english\/#website\",\"url\":\"https:\/\/www.kostuemebreuer.de\/english\/\",\"name\":\"Kost\u00fcme Breuer in M\u00fcnchen\",\"description\":\"Kost\u00fcmverleih\",\"publisher\":{\"@id\":\"https:\/\/www.kostuemebreuer.de\/english\/#organization\"},\"alternateName\":\"Kost\u00fcmverleih Breuer\",\"potentialAction\":[{\"@type\":\"SearchAction\",\"target\":{\"@type\":\"EntryPoint\",\"urlTemplate\":\"https:\/\/www.kostuemebreuer.de\/english\/?s={search_term_string}\"},\"query-input\":{\"@type\":\"PropertyValueSpecification\",\"valueRequired\":true,\"valueName\":\"search_term_string\"}}],\"inLanguage\":\"en-GB\"},{\"@type\":\"Organization\",\"@id\":\"https:\/\/www.kostuemebreuer.de\/english\/#organization\",\"name\":\"Kost\u00fcme Breuer in M\u00fcnchen\",\"url\":\"https:\/\/www.kostuemebreuer.de\/english\/\",\"logo\":{\"@type\":\"ImageObject\",\"inLanguage\":\"en-GB\",\"@id\":\"https:\/\/www.kostuemebreuer.de\/english\/#\/schema\/logo\/image\/\",\"url\":\"https:\/\/www.kostuemebreuer.de\/english\/wp-content\/uploads\/sites\/6\/logo.svg\",\"contentUrl\":\"https:\/\/www.kostuemebreuer.de\/english\/wp-content\/uploads\/sites\/6\/logo.svg\",\"caption\":\"Kost\u00fcme Breuer in M\u00fcnchen\"},\"image\":{\"@id\":\"https:\/\/www.kostuemebreuer.de\/english\/#\/schema\/logo\/image\/\"},\"sameAs\":[\"https:\/\/www.facebook.com\/Kostuemebreuer\/?locale=de_DE\",\"https:\/\/www.instagram.com\/kostuemebreuer\/\"]}]}<\/script>\n<!-- \/ Yoast SEO plugin. -->","yoast_head_json":{"title":"Mittelalter Outfit (Lederweste und Hut) - Costumes Breuer","description":"Mittelalter Outfit (Robin Hood) f\u00fcr Herren, bestehend aus einer Lederweste und einem Hut, wahlweise erweiterbar mit Hemd und Lederg\u00fcrtel (Paket 2), sowie Kniebundhose, Kniestr\u00fcmpfe und Haferlschuhe. (Paket 3) Die Tasche kann separat dazu gebucht werden.","robots":{"index":"index","follow":"follow","max-snippet":"max-snippet:-1","max-image-preview":"max-image-preview:large","max-video-preview":"max-video-preview:-1"},"canonical":"https:\/\/www.kostuemebreuer.de\/english\/produkt\/mittelaltergewand-mit-lederweste\/","og_locale":"en_GB","og_type":"article","og_title":"Mittelalter Outfit (Lederweste und Hut) - Costumes Breuer","og_description":"Mittelalter Outfit (Robin Hood) f\u00fcr Herren, bestehend aus einer Lederweste und einem Hut, wahlweise erweiterbar mit Hemd und Lederg\u00fcrtel (Paket 2), sowie Kniebundhose, Kniestr\u00fcmpfe und Haferlschuhe. (Paket 3) Die Tasche kann separat dazu gebucht werden.","og_url":"https:\/\/www.kostuemebreuer.de\/english\/produkt\/mittelaltergewand-mit-lederweste\/","og_site_name":"Costumes Breuer","article_publisher":"https:\/\/www.facebook.com\/Kostuemebreuer\/?locale=de_DE","article_modified_time":"2023-12-02T04:01:54+00:00","og_image":[{"width":540,"height":960,"url":"https:\/\/www.kostuemebreuer.de\/english\/wp-content\/uploads\/sites\/6\/Mittelalter-Gewand-mit-Weste.jpg","type":"image\/jpeg"}],"twitter_card":"summary_large_image","schema":{"@context":"https:\/\/schema.org","@graph":[{"@type":"WebPage","@id":"https:\/\/www.kostuemebreuer.de\/english\/produkt\/mittelaltergewand-mit-lederweste\/","url":"https:\/\/www.kostuemebreuer.de\/english\/produkt\/mittelaltergewand-mit-lederweste\/","name":"Mittelalter Outfit (Lederweste und Hut) - Costumes Breuer","isPartOf":{"@id":"https:\/\/www.kostuemebreuer.de\/english\/#website"},"primaryImageOfPage":{"@id":"https:\/\/www.kostuemebreuer.de\/english\/produkt\/mittelaltergewand-mit-lederweste\/#primaryimage"},"image":{"@id":"https:\/\/www.kostuemebreuer.de\/english\/produkt\/mittelaltergewand-mit-lederweste\/#primaryimage"},"thumbnailUrl":"https:\/\/www.kostuemebreuer.de\/english\/wp-content\/uploads\/sites\/6\/Mittelalter-Gewand-mit-Weste.jpg","datePublished":"2016-08-03T09:49:59+00:00","dateModified":"2023-12-02T04:01:54+00:00","description":"Mittelalter Outfit (Robin Hood) f\u00fcr Herren, bestehend aus einer Lederweste und einem Hut, wahlweise erweiterbar mit Hemd und Lederg\u00fcrtel (Paket 2), sowie Kniebundhose, Kniestr\u00fcmpfe und Haferlschuhe. (Paket 3) Die Tasche kann separat dazu gebucht werden.","breadcrumb":{"@id":"https:\/\/www.kostuemebreuer.de\/english\/produkt\/mittelaltergewand-mit-lederweste\/#breadcrumb"},"inLanguage":"en-GB","potentialAction":[{"@type":"ReadAction","target":["https:\/\/www.kostuemebreuer.de\/english\/produkt\/mittelaltergewand-mit-lederweste\/"]}]},{"@type":"ImageObject","inLanguage":"en-GB","@id":"https:\/\/www.kostuemebreuer.de\/english\/produkt\/mittelaltergewand-mit-lederweste\/#primaryimage","url":"https:\/\/www.kostuemebreuer.de\/english\/wp-content\/uploads\/sites\/6\/Mittelalter-Gewand-mit-Weste.jpg","contentUrl":"https:\/\/www.kostuemebreuer.de\/english\/wp-content\/uploads\/sites\/6\/Mittelalter-Gewand-mit-Weste.jpg","width":540,"height":960},{"@type":"BreadcrumbList","@id":"https:\/\/www.kostuemebreuer.de\/english\/produkt\/mittelaltergewand-mit-lederweste\/#breadcrumb","itemListElement":[{"@type":"ListItem","position":1,"name":"Startseite","item":"https:\/\/www.kostuemebreuer.de\/english\/"},{"@type":"ListItem","position":2,"name":"Kost\u00fcme","item":"https:\/\/www.kostuemebreuer.de\/english\/kostueme\/"},{"@type":"ListItem","position":3,"name":"Mittelalter Outfit (Lederweste und Hut)"}]},{"@type":"WebSite","@id":"https:\/\/www.kostuemebreuer.de\/english\/#website","url":"https:\/\/www.kostuemebreuer.de\/english\/","name":"Kost\u00fcme Breuer in M\u00fcnchen","description":"Kost\u00fcmverleih","publisher":{"@id":"https:\/\/www.kostuemebreuer.de\/english\/#organization"},"alternateName":"Kost\u00fcmverleih Breuer","potentialAction":[{"@type":"SearchAction","target":{"@type":"EntryPoint","urlTemplate":"https:\/\/www.kostuemebreuer.de\/english\/?s={search_term_string}"},"query-input":{"@type":"PropertyValueSpecification","valueRequired":true,"valueName":"search_term_string"}}],"inLanguage":"en-GB"},{"@type":"Organization","@id":"https:\/\/www.kostuemebreuer.de\/english\/#organization","name":"Kost\u00fcme Breuer in M\u00fcnchen","url":"https:\/\/www.kostuemebreuer.de\/english\/","logo":{"@type":"ImageObject","inLanguage":"en-GB","@id":"https:\/\/www.kostuemebreuer.de\/english\/#\/schema\/logo\/image\/","url":"https:\/\/www.kostuemebreuer.de\/english\/wp-content\/uploads\/sites\/6\/logo.svg","contentUrl":"https:\/\/www.kostuemebreuer.de\/english\/wp-content\/uploads\/sites\/6\/logo.svg","caption":"Kost\u00fcme Breuer in M\u00fcnchen"},"image":{"@id":"https:\/\/www.kostuemebreuer.de\/english\/#\/schema\/logo\/image\/"},"sameAs":["https:\/\/www.facebook.com\/Kostuemebreuer\/?locale=de_DE","https:\/\/www.instagram.com\/kostuemebreuer\/"]}]}},"acf":[],"_links":{"self":[{"href":"https:\/\/www.kostuemebreuer.de\/english\/wp-json\/wp\/v2\/product\/13872","targetHints":{"allow":["GET"]}}],"collection":[{"href":"https:\/\/www.kostuemebreuer.de\/english\/wp-json\/wp\/v2\/product"}],"about":[{"href":"https:\/\/www.kostuemebreuer.de\/english\/wp-json\/wp\/v2\/types\/product"}],"wp:featuredmedia":[{"embeddable":true,"href":"https:\/\/www.kostuemebreuer.de\/english\/wp-json\/wp\/v2\/media\/20570"}],"wp:attachment":[{"href":"https:\/\/www.kostuemebreuer.de\/english\/wp-json\/wp\/v2\/media?parent=13872"}],"wp:term":[{"taxonomy":"product_brand","embeddable":true,"href":"https:\/\/www.kostuemebreuer.de\/english\/wp-json\/wp\/v2\/product_brand?post=13872"},{"taxonomy":"product_cat","embeddable":true,"href":"https:\/\/www.kostuemebreuer.de\/english\/wp-json\/wp\/v2\/product_cat?post=13872"},{"taxonomy":"product_tag","embeddable":true,"href":"https:\/\/www.kostuemebreuer.de\/english\/wp-json\/wp\/v2\/product_tag?post=13872"}],"curies":[{"name":"wp","href":"https:\/\/api.w.org\/{rel}","templated":true}]}}